{"id":1798,"date":"2020-11-05T17:46:55","date_gmt":"2020-11-05T16:46:55","guid":{"rendered":"http:\/\/aventuresetcocotiers.fr\/?page_id=1798"},"modified":"2020-11-05T18:22:04","modified_gmt":"2020-11-05T17:22:04","slug":"sejour-hong-kong","status":"publish","type":"page","link":"https:\/\/aventuresetcocotiers.fr\/index.php\/voyage-asie\/sejour-hong-kong\/","title":{"rendered":"Hong Kong"},"content":{"rendered":"\n<p style=\"font-size:15px\">Hong Kong, une ville&nbsp;\u00e0 sensations !&nbsp;La premi\u00e8re est la fascination : &nbsp;comment se c\u00f4toient cette incroyable Skyline, ces monuments et ces paysages sauvages&nbsp;?<\/p>\n\n\n\n<p style=\"font-size:15px\">La deuxi\u00e8me est l&rsquo;appr\u00e9hension : dans cette ville immense, comment faire pour ne pas se perdre ? Comment ne pas \u00e9touffer au milieu de tous&nbsp;ces buildings ?<\/p>\n\n\n\n<p style=\"font-size:15px\">La troisi\u00e8me est l&rsquo;admiration : une fois arriv\u00e9, on d\u00e9couvre les multiples&nbsp;facettes de la ville. On admire cette organisation irr\u00e9prochable pour une&nbsp;ville de plus de 7 millions d&rsquo;habitants.<\/p>\n\n\n\n<p style=\"font-size:15px\">Hong Kong, c&rsquo;est une destination unique. Ses quartiers sont tous plus&nbsp;fous les uns que les autres, chaque&nbsp;\u00eele offre des paysages toujours plus&nbsp;\u00e9tonnants. Du petit village de p\u00eacheurs \u00e0 la station baln\u00e9aire, du building&nbsp;de plus de 20 \u00e9tages au petit temple bouddhiste de quartier, Hong Kong&nbsp;surprend.<\/p>\n\n\n\n<p style=\"font-size:15px\">En 5 jours, nous avons visit\u00e9 la p\u00e9ninsule de Kowloon, l&rsquo;\u00eele de&nbsp;Hong&nbsp;Kong, l&rsquo;\u00eele de Lamma, et un petit bout de l&rsquo;\u00eele de Lantau.&nbsp;Il reste encore beaucoup de choses \u00e0 faire et \u00e0 d\u00e9couvrir, 5 jours ne&nbsp;suffisent pas si l&rsquo;on veut s&rsquo;aventurer sur les autres \u00eeles ou si l&rsquo;on veut&nbsp;faire des randonn\u00e9es.<\/p>\n\n\n\n<p style=\"font-size:15px\">Nous avons fait ce voyage en <strong>juin 2016<\/strong>. La p\u00e9riode n&rsquo;\u00e9tait pas&nbsp;conseill\u00e9e : risque de forte pluie ou encore de typhon, forte chaleur et humidit\u00e9 tr\u00e8s \u00e9lev\u00e9e. Nous nous&nbsp;sommes quand&nbsp;m\u00eame&nbsp;lanc\u00e9s&nbsp;et nous avons \u00e9t\u00e9 tr\u00e8s chanceux : grand soleil tous les jours,&nbsp;une vue tr\u00e8s&nbsp;d\u00e9gag\u00e9e. La chaleur \u00e9tait par contre bien pr\u00e9sente, \u00ab\u00a0very&nbsp;hot\u00a0\u00bb&nbsp;comme dit la m\u00e9t\u00e9o. Pr\u00e9parez-vous \u00e0 mourir de chaud, et \u00e0 chercher l&rsquo;ombre ! Les randonn\u00e9es sont aussi beaucoup plus difficiles \u00e0 cette p\u00e9riode, nous n&rsquo;avons pas pu faire tout ce que l&rsquo;on voulait.<\/p>\n\n\n\n<p style=\"font-size:15px\">Une bonne adresse pour organiser vos randonn\u00e9es : <a href=\"http:\/\/www.discoverhongkong.com\/fr\/see-do\/great-outdoors\/hikes\/index.jsp\" target=\"_blank\" rel=\"noreferrer noopener\">Discoverhongkong<\/a>. Le site est tr\u00e8s complet et vous aide \u00e0 organiser vos randonn\u00e9es mais aussi vos visites en vous pr\u00e9cisant les adresses, et comment vous y rendre.<\/p>\n\n\n\n<figure class=\"wp-block-image size-full\"><a href=\"https:\/\/aventuresetcocotiers.fr\/index.php\/voyage-asie\/sejour-hong-kong\/hong-kong-sejour-decouverte-5-jours\/\"><img loading=\"lazy\" width=\"2000\" height=\"519\" src=\"https:\/\/aventuresetcocotiers.fr\/wp-content\/uploads\/2020\/11\/Mon-itineraire-Hong-kong.jpg\" alt=\"\" class=\"wp-image-1801\" srcset=\"https:\/\/aventuresetcocotiers.fr\/wp-content\/uploads\/2020\/11\/Mon-itineraire-Hong-kong.jpg 2000w, https:\/\/aventuresetcocotiers.fr\/wp-content\/uploads\/2020\/11\/Mon-itineraire-Hong-kong-300x78.jpg 300w, https:\/\/aventuresetcocotiers.fr\/wp-content\/uploads\/2020\/11\/Mon-itineraire-Hong-kong-1024x266.jpg 1024w, https:\/\/aventuresetcocotiers.fr\/wp-content\/uploads\/2020\/11\/Mon-itineraire-Hong-kong-768x199.jpg 768w, https:\/\/aventuresetcocotiers.fr\/wp-content\/uploads\/2020\/11\/Mon-itineraire-Hong-kong-1536x399.jpg 1536w\" sizes=\"(max-width: 2000px) 100vw, 2000px\" \/><\/a><\/figure>\n\n\n\n<figure class=\"wp-block-image size-full\"><a href=\"https:\/\/aventuresetcocotiers.fr\/index.php\/voyage-asie\/sejour-hong-kong\/hong-kong-mon-top-5\/\"><img loading=\"lazy\" width=\"2000\" height=\"517\" src=\"https:\/\/aventuresetcocotiers.fr\/wp-content\/uploads\/2020\/11\/mon-top-5-hong-kong.jpg\" alt=\"\" class=\"wp-image-1802\" srcset=\"https:\/\/aventuresetcocotiers.fr\/wp-content\/uploads\/2020\/11\/mon-top-5-hong-kong.jpg 2000w, https:\/\/aventuresetcocotiers.fr\/wp-content\/uploads\/2020\/11\/mon-top-5-hong-kong-300x78.jpg 300w, https:\/\/aventuresetcocotiers.fr\/wp-content\/uploads\/2020\/11\/mon-top-5-hong-kong-1024x265.jpg 1024w, https:\/\/aventuresetcocotiers.fr\/wp-content\/uploads\/2020\/11\/mon-top-5-hong-kong-768x199.jpg 768w, https:\/\/aventuresetcocotiers.fr\/wp-content\/uploads\/2020\/11\/mon-top-5-hong-kong-1536x397.jpg 1536w\" sizes=\"(max-width: 2000px) 100vw, 2000px\" \/><\/a><\/figure>\n\n\n\n<figure class=\"wp-block-image size-full\"><a href=\"https:\/\/aventuresetcocotiers.fr\/index.php\/voyage-asie\/sejour-hong-kong\/hong-kong-les-bonnes-adresses\/\"><img loading=\"lazy\" width=\"2000\" height=\"515\" src=\"https:\/\/aventuresetcocotiers.fr\/wp-content\/uploads\/2020\/11\/Bonnes-adresses-hong-kong.jpg\" alt=\"\" class=\"wp-image-1799\" srcset=\"https:\/\/aventuresetcocotiers.fr\/wp-content\/uploads\/2020\/11\/Bonnes-adresses-hong-kong.jpg 2000w, https:\/\/aventuresetcocotiers.fr\/wp-content\/uploads\/2020\/11\/Bonnes-adresses-hong-kong-300x77.jpg 300w, https:\/\/aventuresetcocotiers.fr\/wp-content\/uploads\/2020\/11\/Bonnes-adresses-hong-kong-1024x264.jpg 1024w, https:\/\/aventuresetcocotiers.fr\/wp-content\/uploads\/2020\/11\/Bonnes-adresses-hong-kong-768x198.jpg 768w, https:\/\/aventuresetcocotiers.fr\/wp-content\/uploads\/2020\/11\/Bonnes-adresses-hong-kong-1536x396.jpg 1536w\" sizes=\"(max-width: 2000px) 100vw, 2000px\" \/><\/a><\/figure>\n\n\n\n<figure class=\"wp-block-image size-full\"><a href=\"https:\/\/aventuresetcocotiers.fr\/index.php\/voyage-asie\/sejour-hong-kong\/hong-kong-budget\/\"><img loading=\"lazy\" width=\"2000\" height=\"515\" src=\"https:\/\/aventuresetcocotiers.fr\/wp-content\/uploads\/2020\/11\/budget-hong-kong.jpg\" alt=\"\" class=\"wp-image-1800\" srcset=\"https:\/\/aventuresetcocotiers.fr\/wp-content\/uploads\/2020\/11\/budget-hong-kong.jpg 2000w, https:\/\/aventuresetcocotiers.fr\/wp-content\/uploads\/2020\/11\/budget-hong-kong-300x77.jpg 300w, https:\/\/aventuresetcocotiers.fr\/wp-content\/uploads\/2020\/11\/budget-hong-kong-1024x264.jpg 1024w, https:\/\/aventuresetcocotiers.fr\/wp-content\/uploads\/2020\/11\/budget-hong-kong-768x198.jpg 768w, https:\/\/aventuresetcocotiers.fr\/wp-content\/uploads\/2020\/11\/budget-hong-kong-1536x396.jpg 1536w\" sizes=\"(max-width: 2000px) 100vw, 2000px\" \/><\/a><\/figure>\n","protected":false},"excerpt":{"rendered":"<p>Hong Kong, une ville&nbsp;\u00e0 sensations !&nbsp;La premi\u00e8re est la fascination : &nbsp;comment se c\u00f4toient cette incroyable Skyline, ces monuments et ces paysages sauvages&nbsp;? La deuxi\u00e8me est l&rsquo;appr\u00e9hension : dans cette ville immense, comment faire pour ne pas se perdre ? Comment ne pas \u00e9touffer au milieu de tous&nbsp;ces buildings ? La troisi\u00e8me est l&rsquo;admiration : [&hellip;]<\/p>\n","protected":false},"author":1,"featured_media":0,"parent":89,"menu_order":0,"comment_status":"closed","ping_status":"closed","template":"template-full.php","meta":[],"yoast_head":"<!-- This site is optimized with the Yoast SEO plugin v15.2.1 - https:\/\/yoast.com\/wordpress\/plugins\/seo\/ -->\n<title>Hong Kong |<\/title>\n<meta name=\"robots\" content=\"index, follow, max-snippet:-1, max-image-preview:large, max-video-preview:-1\" \/>\n<link rel=\"canonical\" href=\"http:\/\/aventuresetcocotiers.fr\/index.php\/voyage-asie\/sejour-hong-kong\/\" \/>\n<meta property=\"og:locale\" content=\"fr_FR\" \/>\n<meta property=\"og:type\" content=\"article\" \/>\n<meta property=\"og:title\" content=\"Hong Kong |\" \/>\n<meta property=\"og:description\" content=\"Hong Kong, une ville&nbsp;\u00e0 sensations !&nbsp;La premi\u00e8re est la fascination : &nbsp;comment se c\u00f4toient cette incroyable Skyline, ces monuments et ces paysages sauvages&nbsp;? La deuxi\u00e8me est l&rsquo;appr\u00e9hension : dans cette ville immense, comment faire pour ne pas se perdre ? Comment ne pas \u00e9touffer au milieu de tous&nbsp;ces buildings ? La troisi\u00e8me est l&rsquo;admiration : [&hellip;]\" \/>\n<meta property=\"og:url\" content=\"http:\/\/aventuresetcocotiers.fr\/index.php\/voyage-asie\/sejour-hong-kong\/\" \/>\n<meta property=\"article:modified_time\" content=\"2020-11-05T17:22:04+00:00\" \/>\n<meta property=\"og:image\" content=\"https:\/\/aventuresetcocotiers.fr\/wp-content\/uploads\/2020\/11\/Mon-itineraire-Hong-kong.jpg\" \/>\n<meta name=\"twitter:card\" content=\"summary\" \/>\n<meta name=\"twitter:label1\" content=\"\u00c9crit par\">\n\t<meta name=\"twitter:data1\" content=\"admin2603\">\n\t<meta name=\"twitter:label2\" content=\"Dur\u00e9e de lecture est.\">\n\t<meta name=\"twitter:data2\" content=\"1 minute\">\n<script type=\"application\/ld+json\" class=\"yoast-schema-graph\">{\"@context\":\"https:\/\/schema.org\",\"@graph\":[{\"@type\":\"WebSite\",\"@id\":\"https:\/\/aventuresetcocotiers.fr\/#website\",\"url\":\"https:\/\/aventuresetcocotiers.fr\/\",\"name\":\"\",\"description\":\"\",\"potentialAction\":[{\"@type\":\"SearchAction\",\"target\":\"https:\/\/aventuresetcocotiers.fr\/?s={search_term_string}\",\"query-input\":\"required name=search_term_string\"}],\"inLanguage\":\"fr-FR\"},{\"@type\":\"ImageObject\",\"@id\":\"http:\/\/aventuresetcocotiers.fr\/index.php\/voyage-asie\/sejour-hong-kong\/#primaryimage\",\"inLanguage\":\"fr-FR\",\"url\":\"https:\/\/aventuresetcocotiers.fr\/wp-content\/uploads\/2020\/11\/Mon-itineraire-Hong-kong.jpg\"},{\"@type\":\"WebPage\",\"@id\":\"http:\/\/aventuresetcocotiers.fr\/index.php\/voyage-asie\/sejour-hong-kong\/#webpage\",\"url\":\"http:\/\/aventuresetcocotiers.fr\/index.php\/voyage-asie\/sejour-hong-kong\/\",\"name\":\"Hong Kong |\",\"isPartOf\":{\"@id\":\"https:\/\/aventuresetcocotiers.fr\/#website\"},\"primaryImageOfPage\":{\"@id\":\"http:\/\/aventuresetcocotiers.fr\/index.php\/voyage-asie\/sejour-hong-kong\/#primaryimage\"},\"datePublished\":\"2020-11-05T16:46:55+00:00\",\"dateModified\":\"2020-11-05T17:22:04+00:00\",\"breadcrumb\":{\"@id\":\"http:\/\/aventuresetcocotiers.fr\/index.php\/voyage-asie\/sejour-hong-kong\/#breadcrumb\"},\"inLanguage\":\"fr-FR\",\"potentialAction\":[{\"@type\":\"ReadAction\",\"target\":[\"http:\/\/aventuresetcocotiers.fr\/index.php\/voyage-asie\/sejour-hong-kong\/\"]}]},{\"@type\":\"BreadcrumbList\",\"@id\":\"http:\/\/aventuresetcocotiers.fr\/index.php\/voyage-asie\/sejour-hong-kong\/#breadcrumb\",\"itemListElement\":[{\"@type\":\"ListItem\",\"position\":1,\"item\":{\"@type\":\"WebPage\",\"@id\":\"http:\/\/aventuresetcocotiers.fr\/\",\"url\":\"http:\/\/aventuresetcocotiers.fr\/\",\"name\":\"Accueil\"}},{\"@type\":\"ListItem\",\"position\":2,\"item\":{\"@type\":\"WebPage\",\"@id\":\"http:\/\/aventuresetcocotiers.fr\/index.php\/voyage-asie\/\",\"url\":\"http:\/\/aventuresetcocotiers.fr\/index.php\/voyage-asie\/\",\"name\":\"Asie\"}},{\"@type\":\"ListItem\",\"position\":3,\"item\":{\"@type\":\"WebPage\",\"@id\":\"http:\/\/aventuresetcocotiers.fr\/index.php\/voyage-asie\/sejour-hong-kong\/\",\"url\":\"http:\/\/aventuresetcocotiers.fr\/index.php\/voyage-asie\/sejour-hong-kong\/\",\"name\":\"Hong Kong\"}}]}]}<\/script>\n<!-- \/ Yoast SEO plugin. -->","_links":{"self":[{"href":"https:\/\/aventuresetcocotiers.fr\/index.php\/wp-json\/wp\/v2\/pages\/1798"}],"collection":[{"href":"https:\/\/aventuresetcocotiers.fr\/index.php\/wp-json\/wp\/v2\/pages"}],"about":[{"href":"https:\/\/aventuresetcocotiers.fr\/index.php\/wp-json\/wp\/v2\/types\/page"}],"author":[{"embeddable":true,"href":"https:\/\/aventuresetcocotiers.fr\/index.php\/wp-json\/wp\/v2\/users\/1"}],"replies":[{"embeddable":true,"href":"https:\/\/aventuresetcocotiers.fr\/index.php\/wp-json\/wp\/v2\/comments?post=1798"}],"version-history":[{"count":5,"href":"https:\/\/aventuresetcocotiers.fr\/index.php\/wp-json\/wp\/v2\/pages\/1798\/revisions"}],"predecessor-version":[{"id":1821,"href":"https:\/\/aventuresetcocotiers.fr\/index.php\/wp-json\/wp\/v2\/pages\/1798\/revisions\/1821"}],"up":[{"embeddable":true,"href":"https:\/\/aventuresetcocotiers.fr\/index.php\/wp-json\/wp\/v2\/pages\/89"}],"wp:attachment":[{"href":"https:\/\/aventuresetcocotiers.fr\/index.php\/wp-json\/wp\/v2\/media?parent=1798"}],"curies":[{"name":"wp","href":"https:\/\/api.w.org\/{rel}","templated":true}]}}