{"id":1870,"date":"2020-11-06T16:49:51","date_gmt":"2020-11-06T15:49:51","guid":{"rendered":"http:\/\/aventuresetcocotiers.fr\/?page_id=1870"},"modified":"2020-11-16T17:52:36","modified_gmt":"2020-11-16T16:52:36","slug":"thailande-budget","status":"publish","type":"page","link":"https:\/\/aventuresetcocotiers.fr\/index.php\/voyage-asie\/voyage-thailande\/thailande-budget\/","title":{"rendered":"Budget 15 jours en Tha\u00eflande"},"content":{"rendered":"\n<p style=\"font-size:15px\">Un petit d\u00e9tail&nbsp;de mes d\u00e9penses pour vous donner une id\u00e9e des prix \/ de budget \u00e0 pr\u00e9voir pour la Tha\u00eflande. Prix 2015.<br>Les prix indiqu\u00e9s sont en Baht (THB). En novembre 2015, le taux de change \u00e9tait de 1 \u20ac = 39 THB.<\/p>\n\n\n\n<h4 class=\"has-text-color\" style=\"font-size:15px;color:#8ad8c2\">VOLS ( prix par personne)<\/h4>\n\n\n\n<p style=\"font-size:15px\">Vols Lyon &gt; Bangkok aller-retour (Emirates)&nbsp;: 585 \u20ac<br>Vol Bangkok &gt; Krabi (Air Asia)&nbsp;: 43 \u20ac<br>Vol Krabi &gt; Chiang Mai (Air Asia)&nbsp;: 48 \u20ac<\/p>\n\n\n\n<h4 class=\"has-text-color\" style=\"font-size:15px;color:#8ad8c2\">HOTELS (prix par chambre et par nuit)<\/h4>\n\n\n\n<p style=\"font-size:15px\">Erawan House (Bangkok) : 900 THB<br>Tony&rsquo;s Place (Ayutthaya) : 850 THB<br>Chic N Chill Bed and Breakfast (Ao Nang) : 1250 THB<br>Top Garden (Chiang Mai) : 690 THB<\/p>\n\n\n\n<h4 class=\"has-text-color\" style=\"font-size:15px;color:#8ad8c2\">VISITES \/ ACTIVITES (prix par personne)<\/h4>\n\n\n\n<p style=\"font-size:15px\">Balade dans les Klong &#8211; Along the klong&nbsp;: 800 THB<br>Demi-journ\u00e9e avec les \u00e9l\u00e9phants &#8211; Baan Chang Paradise&nbsp;: 1500 THB<br>Wat Phra Kaew (Grand Palais Bangkok)&nbsp;: 500 THB<br>Wat Arun (Bangkok)&nbsp;: 50 THB<br>Wat Pho (Bangkok)&nbsp;: 100 THB<br>Temples d&rsquo;Ayutthaya&nbsp;: Gratuits pour certains \/ 50 THB pour d&rsquo;autres<br>Location de v\u00e9lo \u00e0 Ayutthaya&nbsp;: 40 THB<br>Excursion bateau Ayutthaya&nbsp;: 200 THB<br>Longtail boat Ao Nang &gt; Koh Khai aller-retour : 300 THB<br>Entr\u00e9e Parc National Koh Khai: 400 THB<br>Excursion 1\/2 journ\u00e9e kayak Ao Thalane: 450 THB<br>Longtail boat Railay Beach &#8211; aller-retour: 200 THB<br>Excursion demi-journ\u00e9e Emerald Pool &amp; Hot Springs : 750 THB<br>Massage des pieds : 90 THB<br>Fish pedicure : 150 THB<br>Doi Suthep : 30 THB<br>Cours de cuisine 1\/2 journ\u00e9e Chiang Mai : 800 THB<\/p>\n\n\n\n<h4 class=\"has-text-color\" style=\"font-size:15px;color:#8ad8c2\">TRANSPORTS (prix total)<\/h4>\n\n\n\n<p style=\"font-size:15px\">Train de nuit de Chiang Mai \u00e0 Bangkok : 936 THB (moyenne sur 2 billets : 1 lit haut + 1 lit bas &#8211; 2nde classe avec climatisation)<br>Taxi a\u00e9roport Bangkok &gt; Khaosan Road (prix total) : 460 THB<br>Sky train (BTS) a\u00e9roport &gt; Phaya Thai : 45 THB<br>Minivan Bangkok &gt; Ayutthaya&nbsp;: 90 THB<br>Transfert en bus a\u00e9roport de Krabi &#8211; Ao Nang&nbsp;: 150 THB<br>Transfert minivan Ao Nang &#8211; Krabi a\u00e9roport: 150 THB<br>Tiger Cave Tuk Tuk: 500 THB<br>Tuk Tuk Chiang Mai centre &gt; Tiger Kingdom : 150 THB<br>Sonthaew Chiang Mai centre &gt; Doi Suthep : 100 THB<\/p>\n\n\n\n<h4 class=\"has-text-color\" style=\"font-size:15px;color:#8ad8c2\">RESTAURANT (prix par personne)<\/h4>\n\n\n\n<p style=\"font-size:15px\">Resto boui boui \/ street food (1 plat) : 60-140 THB<br>Noix de coco \u00e0 boire : 30-40 THB<br>Petite bouteille d&rsquo;eau : 7 THB<\/p>\n\n\n\n<h4 class=\"has-text-color\" style=\"font-size:15px;color:#8ad8c2\">SOUVENIRS<\/h4>\n\n\n\n<p style=\"font-size:15px\">Pantalon large : 200 THB<br>Chemise sur mesure : 1200-1500 THB<br>Chapeau : 150 THB<br>Masque + tuba : 240 THB<br>Foulard soie : 200 THB<br>T-shirt : 140 THB<br>Petit pot beaume de tigre : 53 THB<\/p>\n\n\n\n<h4 class=\"has-text-color\" style=\"font-size:15px;color:#8ad8c2\">AUTRES<\/h4>\n\n\n\n<p style=\"font-size:15px\">Consigne bagage gare de Bangkok (1 bagage\/1 journ\u00e9e) : 70 THB<br><\/p>\n\n\n\n<p style=\"font-size:15px\">Au total, pour 2 personnes, pour un s\u00e9jour de 15 jours \/ 14 nuits notre budget a \u00e9t\u00e9 de : 1352 \u20ac de vols + 50\u20ac de train + 308 \u20ac d&rsquo;h\u00e9bergement + 495\u20ac environ de transport et visites + 245\u20ac environ de repas et boissons + 180\u20ac d&rsquo;achats de souvenirs et autres petits plaisirs. Soit environ <strong>1315\u20ac\/personne.<\/strong><br>Nous nous sommes d\u00e9plac\u00e9s de fa\u00e7on \u00e9conomique, nous avons s\u00e9lectionn\u00e9 des restaurants petits budget, et nous nous sommes bien fait plaisir c\u00f4t\u00e9 activit\u00e9s et visites !<\/p>\n","protected":false},"excerpt":{"rendered":"<p>Un petit d\u00e9tail&nbsp;de mes d\u00e9penses pour vous donner une id\u00e9e des prix \/ de budget \u00e0 pr\u00e9voir pour la Tha\u00eflande. Prix 2015.Les prix indiqu\u00e9s sont en Baht (THB). En novembre 2015, le taux de change \u00e9tait de 1 \u20ac = 39 THB. VOLS ( prix par personne) Vols Lyon &gt; Bangkok aller-retour (Emirates)&nbsp;: 585 \u20acVol [&hellip;]<\/p>\n","protected":false},"author":1,"featured_media":0,"parent":1853,"menu_order":0,"comment_status":"open","ping_status":"closed","template":"","meta":[],"yoast_head":"<!-- This site is optimized with the Yoast SEO plugin v15.2.1 - https:\/\/yoast.com\/wordpress\/plugins\/seo\/ -->\n<title>Budget 15 jours en Tha\u00eflande |<\/title>\n<meta name=\"robots\" content=\"index, follow, max-snippet:-1, max-image-preview:large, max-video-preview:-1\" \/>\n<link rel=\"canonical\" href=\"http:\/\/aventuresetcocotiers.fr\/index.php\/voyage-asie\/voyage-thailande\/thailande-budget\/\" \/>\n<meta property=\"og:locale\" content=\"fr_FR\" \/>\n<meta property=\"og:type\" content=\"article\" \/>\n<meta property=\"og:title\" content=\"Budget 15 jours en Tha\u00eflande |\" \/>\n<meta property=\"og:description\" content=\"Un petit d\u00e9tail&nbsp;de mes d\u00e9penses pour vous donner une id\u00e9e des prix \/ de budget \u00e0 pr\u00e9voir pour la Tha\u00eflande. Prix 2015.Les prix indiqu\u00e9s sont en Baht (THB). En novembre 2015, le taux de change \u00e9tait de 1 \u20ac = 39 THB. VOLS ( prix par personne) Vols Lyon &gt; Bangkok aller-retour (Emirates)&nbsp;: 585 \u20acVol [&hellip;]\" \/>\n<meta property=\"og:url\" content=\"http:\/\/aventuresetcocotiers.fr\/index.php\/voyage-asie\/voyage-thailande\/thailande-budget\/\" \/>\n<meta property=\"article:modified_time\" content=\"2020-11-16T16:52:36+00:00\" \/>\n<meta name=\"twitter:card\" content=\"summary\" \/>\n<meta name=\"twitter:label1\" content=\"\u00c9crit par\">\n\t<meta name=\"twitter:data1\" content=\"admin2603\">\n\t<meta name=\"twitter:label2\" content=\"Dur\u00e9e de lecture est.\">\n\t<meta name=\"twitter:data2\" content=\"2 minutes\">\n<script type=\"application\/ld+json\" class=\"yoast-schema-graph\">{\"@context\":\"https:\/\/schema.org\",\"@graph\":[{\"@type\":\"WebSite\",\"@id\":\"https:\/\/aventuresetcocotiers.fr\/#website\",\"url\":\"https:\/\/aventuresetcocotiers.fr\/\",\"name\":\"\",\"description\":\"\",\"potentialAction\":[{\"@type\":\"SearchAction\",\"target\":\"https:\/\/aventuresetcocotiers.fr\/?s={search_term_string}\",\"query-input\":\"required name=search_term_string\"}],\"inLanguage\":\"fr-FR\"},{\"@type\":\"WebPage\",\"@id\":\"http:\/\/aventuresetcocotiers.fr\/index.php\/voyage-asie\/voyage-thailande\/thailande-budget\/#webpage\",\"url\":\"http:\/\/aventuresetcocotiers.fr\/index.php\/voyage-asie\/voyage-thailande\/thailande-budget\/\",\"name\":\"Budget 15 jours en Tha\\u00eflande |\",\"isPartOf\":{\"@id\":\"https:\/\/aventuresetcocotiers.fr\/#website\"},\"datePublished\":\"2020-11-06T15:49:51+00:00\",\"dateModified\":\"2020-11-16T16:52:36+00:00\",\"breadcrumb\":{\"@id\":\"http:\/\/aventuresetcocotiers.fr\/index.php\/voyage-asie\/voyage-thailande\/thailande-budget\/#breadcrumb\"},\"inLanguage\":\"fr-FR\",\"potentialAction\":[{\"@type\":\"ReadAction\",\"target\":[\"http:\/\/aventuresetcocotiers.fr\/index.php\/voyage-asie\/voyage-thailande\/thailande-budget\/\"]}]},{\"@type\":\"BreadcrumbList\",\"@id\":\"http:\/\/aventuresetcocotiers.fr\/index.php\/voyage-asie\/voyage-thailande\/thailande-budget\/#breadcrumb\",\"itemListElement\":[{\"@type\":\"ListItem\",\"position\":1,\"item\":{\"@type\":\"WebPage\",\"@id\":\"http:\/\/aventuresetcocotiers.fr\/\",\"url\":\"http:\/\/aventuresetcocotiers.fr\/\",\"name\":\"Accueil\"}},{\"@type\":\"ListItem\",\"position\":2,\"item\":{\"@type\":\"WebPage\",\"@id\":\"http:\/\/aventuresetcocotiers.fr\/index.php\/voyage-asie\/\",\"url\":\"http:\/\/aventuresetcocotiers.fr\/index.php\/voyage-asie\/\",\"name\":\"Asie\"}},{\"@type\":\"ListItem\",\"position\":3,\"item\":{\"@type\":\"WebPage\",\"@id\":\"http:\/\/aventuresetcocotiers.fr\/index.php\/voyage-asie\/voyage-thailande\/\",\"url\":\"http:\/\/aventuresetcocotiers.fr\/index.php\/voyage-asie\/voyage-thailande\/\",\"name\":\"Tha\\u00eflande\"}},{\"@type\":\"ListItem\",\"position\":4,\"item\":{\"@type\":\"WebPage\",\"@id\":\"http:\/\/aventuresetcocotiers.fr\/index.php\/voyage-asie\/voyage-thailande\/thailande-budget\/\",\"url\":\"http:\/\/aventuresetcocotiers.fr\/index.php\/voyage-asie\/voyage-thailande\/thailande-budget\/\",\"name\":\"Budget 15 jours en Tha\\u00eflande\"}}]}]}<\/script>\n<!-- \/ Yoast SEO plugin. -->","_links":{"self":[{"href":"https:\/\/aventuresetcocotiers.fr\/index.php\/wp-json\/wp\/v2\/pages\/1870"}],"collection":[{"href":"https:\/\/aventuresetcocotiers.fr\/index.php\/wp-json\/wp\/v2\/pages"}],"about":[{"href":"https:\/\/aventuresetcocotiers.fr\/index.php\/wp-json\/wp\/v2\/types\/page"}],"author":[{"embeddable":true,"href":"https:\/\/aventuresetcocotiers.fr\/index.php\/wp-json\/wp\/v2\/users\/1"}],"replies":[{"embeddable":true,"href":"https:\/\/aventuresetcocotiers.fr\/index.php\/wp-json\/wp\/v2\/comments?post=1870"}],"version-history":[{"count":2,"href":"https:\/\/aventuresetcocotiers.fr\/index.php\/wp-json\/wp\/v2\/pages\/1870\/revisions"}],"predecessor-version":[{"id":2274,"href":"https:\/\/aventuresetcocotiers.fr\/index.php\/wp-json\/wp\/v2\/pages\/1870\/revisions\/2274"}],"up":[{"embeddable":true,"href":"https:\/\/aventuresetcocotiers.fr\/index.php\/wp-json\/wp\/v2\/pages\/1853"}],"wp:attachment":[{"href":"https:\/\/aventuresetcocotiers.fr\/index.php\/wp-json\/wp\/v2\/media?parent=1870"}],"curies":[{"name":"wp","href":"https:\/\/api.w.org\/{rel}","templated":true}]}}