{"id":1893,"date":"2020-11-07T11:57:28","date_gmt":"2020-11-07T10:57:28","guid":{"rendered":"http:\/\/aventuresetcocotiers.fr\/?page_id=1893"},"modified":"2021-11-19T10:25:18","modified_gmt":"2021-11-19T09:25:18","slug":"voyage-allemagne-berlin","status":"publish","type":"page","link":"https:\/\/aventuresetcocotiers.fr\/index.php\/voyage-europe\/voyage-allemagne-berlin\/","title":{"rendered":"Allemagne &#8211; Berlin"},"content":{"rendered":"\n<p style=\"font-size:15px\">Berlin et l&rsquo;Allemagne en g\u00e9n\u00e9ral n&rsquo;est pas une destination qui m&rsquo;attirait \u00e9norm\u00e9ment. Mais cette ann\u00e9e, j&rsquo;ai d\u00e9cid\u00e9 de laisser mes pr\u00e9jug\u00e9s de c\u00f4t\u00e9 et de me laisser surprendre par cette destination. La surprise est de taille, la capitale est plut\u00f4t belle et a beaucoup de chose \u00e0 offrir dont certaines assez insolites.<\/p>\n\n\n\n<p style=\"font-size:15px\">Nous sommes all\u00e9s \u00e0 Berlin en <strong>septembre 2017<\/strong>. Une super p\u00e9riode pour d\u00e9couvrir la ville m\u00eame si nous n&rsquo;avons pas \u00e9t\u00e9 si chanceux que \u00e7a c\u00f4t\u00e9 m\u00e9t\u00e9o&#8230; Nous sommes partis au total 3 jours (enfin concr\u00e8tement 48h sur place au r\u00e9el), en amoureux.<\/p>\n\n\n\n<p style=\"font-size:15px\">Un weekend de 3 jours permet de visiter l&rsquo;essentiel de Berlin. On pourrait facilement rester 2-3 jours de plus si on aime les mus\u00e9es, si on veut pouvoir fl\u00e2ner dans les parcs et pourquoi pas d\u00e9couvrir les ch\u00e2teaux un peu excentr\u00e9s.<\/p>\n\n\n\n<p style=\"font-size:15px\">La destination est id\u00e9ale pour un s\u00e9jour en couple, en famille ou encore en groupe de potes. La ville a ses petits c\u00f4t\u00e9s romantiques, festifs et anim\u00e9s.<\/p>\n\n\n\n<p><\/p>\n\n\n\n<figure class=\"wp-block-image size-full\"><a href=\"https:\/\/aventuresetcocotiers.fr\/index.php\/voyage-europe\/voyage-allemagne-berlin\/berlin-weekend-3-jours\/\"><img loading=\"lazy\" width=\"2000\" height=\"507\" src=\"https:\/\/aventuresetcocotiers.fr\/wp-content\/uploads\/2020\/11\/Mon-sejour-Berlin.jpg\" alt=\"\" class=\"wp-image-1897\" srcset=\"https:\/\/aventuresetcocotiers.fr\/wp-content\/uploads\/2020\/11\/Mon-sejour-Berlin.jpg 2000w, https:\/\/aventuresetcocotiers.fr\/wp-content\/uploads\/2020\/11\/Mon-sejour-Berlin-300x76.jpg 300w, https:\/\/aventuresetcocotiers.fr\/wp-content\/uploads\/2020\/11\/Mon-sejour-Berlin-1024x260.jpg 1024w, https:\/\/aventuresetcocotiers.fr\/wp-content\/uploads\/2020\/11\/Mon-sejour-Berlin-768x195.jpg 768w, https:\/\/aventuresetcocotiers.fr\/wp-content\/uploads\/2020\/11\/Mon-sejour-Berlin-1536x389.jpg 1536w\" sizes=\"(max-width: 2000px) 100vw, 2000px\" \/><\/a><\/figure>\n\n\n\n<figure class=\"wp-block-image size-full\"><a href=\"https:\/\/aventuresetcocotiers.fr\/index.php\/voyage-europe\/voyage-allemagne-berlin\/berlin-mon-top-5\/\"><img loading=\"lazy\" width=\"2011\" height=\"514\" src=\"https:\/\/aventuresetcocotiers.fr\/wp-content\/uploads\/2020\/11\/Mon-top-5-Berlin.jpg\" alt=\"\" class=\"wp-image-1894\" srcset=\"https:\/\/aventuresetcocotiers.fr\/wp-content\/uploads\/2020\/11\/Mon-top-5-Berlin.jpg 2011w, https:\/\/aventuresetcocotiers.fr\/wp-content\/uploads\/2020\/11\/Mon-top-5-Berlin-300x77.jpg 300w, https:\/\/aventuresetcocotiers.fr\/wp-content\/uploads\/2020\/11\/Mon-top-5-Berlin-1024x262.jpg 1024w, https:\/\/aventuresetcocotiers.fr\/wp-content\/uploads\/2020\/11\/Mon-top-5-Berlin-768x196.jpg 768w, https:\/\/aventuresetcocotiers.fr\/wp-content\/uploads\/2020\/11\/Mon-top-5-Berlin-1536x393.jpg 1536w\" sizes=\"(max-width: 2011px) 100vw, 2011px\" \/><\/a><\/figure>\n\n\n\n<figure class=\"wp-block-image size-full\"><a href=\"https:\/\/aventuresetcocotiers.fr\/index.php\/voyage-europe\/voyage-allemagne-berlin\/berlin-les-bonnes-adresses\/\"><img loading=\"lazy\" width=\"2000\" height=\"513\" src=\"https:\/\/aventuresetcocotiers.fr\/wp-content\/uploads\/2020\/11\/Bonnes-adresses-Berlin.jpg\" alt=\"\" class=\"wp-image-1895\" srcset=\"https:\/\/aventuresetcocotiers.fr\/wp-content\/uploads\/2020\/11\/Bonnes-adresses-Berlin.jpg 2000w, https:\/\/aventuresetcocotiers.fr\/wp-content\/uploads\/2020\/11\/Bonnes-adresses-Berlin-300x77.jpg 300w, https:\/\/aventuresetcocotiers.fr\/wp-content\/uploads\/2020\/11\/Bonnes-adresses-Berlin-1024x263.jpg 1024w, https:\/\/aventuresetcocotiers.fr\/wp-content\/uploads\/2020\/11\/Bonnes-adresses-Berlin-768x197.jpg 768w, https:\/\/aventuresetcocotiers.fr\/wp-content\/uploads\/2020\/11\/Bonnes-adresses-Berlin-1536x394.jpg 1536w\" sizes=\"(max-width: 2000px) 100vw, 2000px\" \/><\/a><\/figure>\n\n\n\n<figure class=\"wp-block-image size-full\"><a href=\"https:\/\/aventuresetcocotiers.fr\/index.php\/voyage-europe\/voyage-allemagne-berlin\/berlin-budget\/\"><img loading=\"lazy\" width=\"2000\" height=\"514\" src=\"https:\/\/aventuresetcocotiers.fr\/wp-content\/uploads\/2020\/11\/Budget-Berlin.jpg\" alt=\"\" class=\"wp-image-1896\" srcset=\"https:\/\/aventuresetcocotiers.fr\/wp-content\/uploads\/2020\/11\/Budget-Berlin.jpg 2000w, https:\/\/aventuresetcocotiers.fr\/wp-content\/uploads\/2020\/11\/Budget-Berlin-300x77.jpg 300w, https:\/\/aventuresetcocotiers.fr\/wp-content\/uploads\/2020\/11\/Budget-Berlin-1024x263.jpg 1024w, https:\/\/aventuresetcocotiers.fr\/wp-content\/uploads\/2020\/11\/Budget-Berlin-768x197.jpg 768w, https:\/\/aventuresetcocotiers.fr\/wp-content\/uploads\/2020\/11\/Budget-Berlin-1536x395.jpg 1536w\" sizes=\"(max-width: 2000px) 100vw, 2000px\" \/><\/a><\/figure>\n","protected":false},"excerpt":{"rendered":"<p>Berlin et l&rsquo;Allemagne en g\u00e9n\u00e9ral n&rsquo;est pas une destination qui m&rsquo;attirait \u00e9norm\u00e9ment. Mais cette ann\u00e9e, j&rsquo;ai d\u00e9cid\u00e9 de laisser mes pr\u00e9jug\u00e9s de c\u00f4t\u00e9 et de me laisser surprendre par cette destination. La surprise est de taille, la capitale est plut\u00f4t belle et a beaucoup de chose \u00e0 offrir dont certaines assez insolites. Nous sommes all\u00e9s [&hellip;]<\/p>\n","protected":false},"author":1,"featured_media":0,"parent":1881,"menu_order":0,"comment_status":"closed","ping_status":"closed","template":"template-full.php","meta":[],"yoast_head":"<!-- This site is optimized with the Yoast SEO plugin v15.2.1 - https:\/\/yoast.com\/wordpress\/plugins\/seo\/ -->\n<title>Allemagne - Berlin |<\/title>\n<meta name=\"robots\" content=\"index, follow, max-snippet:-1, max-image-preview:large, max-video-preview:-1\" \/>\n<link rel=\"canonical\" href=\"https:\/\/aventuresetcocotiers.fr\/index.php\/voyage-europe\/voyage-allemagne-berlin\/\" \/>\n<meta property=\"og:locale\" content=\"fr_FR\" \/>\n<meta property=\"og:type\" content=\"article\" \/>\n<meta property=\"og:title\" content=\"Allemagne - Berlin |\" \/>\n<meta property=\"og:description\" content=\"Berlin et l&rsquo;Allemagne en g\u00e9n\u00e9ral n&rsquo;est pas une destination qui m&rsquo;attirait \u00e9norm\u00e9ment. Mais cette ann\u00e9e, j&rsquo;ai d\u00e9cid\u00e9 de laisser mes pr\u00e9jug\u00e9s de c\u00f4t\u00e9 et de me laisser surprendre par cette destination. La surprise est de taille, la capitale est plut\u00f4t belle et a beaucoup de chose \u00e0 offrir dont certaines assez insolites. Nous sommes all\u00e9s [&hellip;]\" \/>\n<meta property=\"og:url\" content=\"https:\/\/aventuresetcocotiers.fr\/index.php\/voyage-europe\/voyage-allemagne-berlin\/\" \/>\n<meta property=\"article:modified_time\" content=\"2021-11-19T09:25:18+00:00\" \/>\n<meta property=\"og:image\" content=\"https:\/\/aventuresetcocotiers.fr\/wp-content\/uploads\/2020\/11\/Mon-sejour-Berlin.jpg\" \/>\n<meta name=\"twitter:card\" content=\"summary\" \/>\n<meta name=\"twitter:label1\" content=\"\u00c9crit par\">\n\t<meta name=\"twitter:data1\" content=\"admin2603\">\n\t<meta name=\"twitter:label2\" content=\"Dur\u00e9e de lecture est.\">\n\t<meta name=\"twitter:data2\" content=\"1 minute\">\n<script type=\"application\/ld+json\" class=\"yoast-schema-graph\">{\"@context\":\"https:\/\/schema.org\",\"@graph\":[{\"@type\":\"WebSite\",\"@id\":\"https:\/\/aventuresetcocotiers.fr\/#website\",\"url\":\"https:\/\/aventuresetcocotiers.fr\/\",\"name\":\"\",\"description\":\"\",\"potentialAction\":[{\"@type\":\"SearchAction\",\"target\":\"https:\/\/aventuresetcocotiers.fr\/?s={search_term_string}\",\"query-input\":\"required name=search_term_string\"}],\"inLanguage\":\"fr-FR\"},{\"@type\":\"ImageObject\",\"@id\":\"https:\/\/aventuresetcocotiers.fr\/index.php\/voyage-europe\/voyage-allemagne-berlin\/#primaryimage\",\"inLanguage\":\"fr-FR\",\"url\":\"https:\/\/aventuresetcocotiers.fr\/wp-content\/uploads\/2020\/11\/Mon-sejour-Berlin.jpg\"},{\"@type\":\"WebPage\",\"@id\":\"https:\/\/aventuresetcocotiers.fr\/index.php\/voyage-europe\/voyage-allemagne-berlin\/#webpage\",\"url\":\"https:\/\/aventuresetcocotiers.fr\/index.php\/voyage-europe\/voyage-allemagne-berlin\/\",\"name\":\"Allemagne - Berlin |\",\"isPartOf\":{\"@id\":\"https:\/\/aventuresetcocotiers.fr\/#website\"},\"primaryImageOfPage\":{\"@id\":\"https:\/\/aventuresetcocotiers.fr\/index.php\/voyage-europe\/voyage-allemagne-berlin\/#primaryimage\"},\"datePublished\":\"2020-11-07T10:57:28+00:00\",\"dateModified\":\"2021-11-19T09:25:18+00:00\",\"breadcrumb\":{\"@id\":\"https:\/\/aventuresetcocotiers.fr\/index.php\/voyage-europe\/voyage-allemagne-berlin\/#breadcrumb\"},\"inLanguage\":\"fr-FR\",\"potentialAction\":[{\"@type\":\"ReadAction\",\"target\":[\"https:\/\/aventuresetcocotiers.fr\/index.php\/voyage-europe\/voyage-allemagne-berlin\/\"]}]},{\"@type\":\"BreadcrumbList\",\"@id\":\"https:\/\/aventuresetcocotiers.fr\/index.php\/voyage-europe\/voyage-allemagne-berlin\/#breadcrumb\",\"itemListElement\":[{\"@type\":\"ListItem\",\"position\":1,\"item\":{\"@type\":\"WebPage\",\"@id\":\"http:\/\/aventuresetcocotiers.fr\/\",\"url\":\"http:\/\/aventuresetcocotiers.fr\/\",\"name\":\"Accueil\"}},{\"@type\":\"ListItem\",\"position\":2,\"item\":{\"@type\":\"WebPage\",\"@id\":\"https:\/\/aventuresetcocotiers.fr\/index.php\/voyage-europe\/\",\"url\":\"https:\/\/aventuresetcocotiers.fr\/index.php\/voyage-europe\/\",\"name\":\"Europe\"}},{\"@type\":\"ListItem\",\"position\":3,\"item\":{\"@type\":\"WebPage\",\"@id\":\"https:\/\/aventuresetcocotiers.fr\/index.php\/voyage-europe\/voyage-allemagne-berlin\/\",\"url\":\"https:\/\/aventuresetcocotiers.fr\/index.php\/voyage-europe\/voyage-allemagne-berlin\/\",\"name\":\"Allemagne &#8211; Berlin\"}}]}]}<\/script>\n<!-- \/ Yoast SEO plugin. -->","_links":{"self":[{"href":"https:\/\/aventuresetcocotiers.fr\/index.php\/wp-json\/wp\/v2\/pages\/1893"}],"collection":[{"href":"https:\/\/aventuresetcocotiers.fr\/index.php\/wp-json\/wp\/v2\/pages"}],"about":[{"href":"https:\/\/aventuresetcocotiers.fr\/index.php\/wp-json\/wp\/v2\/types\/page"}],"author":[{"embeddable":true,"href":"https:\/\/aventuresetcocotiers.fr\/index.php\/wp-json\/wp\/v2\/users\/1"}],"replies":[{"embeddable":true,"href":"https:\/\/aventuresetcocotiers.fr\/index.php\/wp-json\/wp\/v2\/comments?post=1893"}],"version-history":[{"count":6,"href":"https:\/\/aventuresetcocotiers.fr\/index.php\/wp-json\/wp\/v2\/pages\/1893\/revisions"}],"predecessor-version":[{"id":2675,"href":"https:\/\/aventuresetcocotiers.fr\/index.php\/wp-json\/wp\/v2\/pages\/1893\/revisions\/2675"}],"up":[{"embeddable":true,"href":"https:\/\/aventuresetcocotiers.fr\/index.php\/wp-json\/wp\/v2\/pages\/1881"}],"wp:attachment":[{"href":"https:\/\/aventuresetcocotiers.fr\/index.php\/wp-json\/wp\/v2\/media?parent=1893"}],"curies":[{"name":"wp","href":"https:\/\/api.w.org\/{rel}","templated":true}]}}