{"id":2029,"date":"2020-11-10T20:00:14","date_gmt":"2020-11-10T19:00:14","guid":{"rendered":"http:\/\/aventuresetcocotiers.fr\/?page_id=2029"},"modified":"2020-11-11T11:27:09","modified_gmt":"2020-11-11T10:27:09","slug":"voyage-portugal","status":"publish","type":"page","link":"https:\/\/aventuresetcocotiers.fr\/index.php\/voyage-europe\/voyage-portugal\/","title":{"rendered":"Portugal"},"content":{"rendered":"\n<p style=\"font-size:15px\">Le Portugal est LA destination europ\u00e9enne \u00e0 la mode ! Et quand on y va, on comprend vite pourquoi.<\/p>\n\n\n\n<p style=\"font-size:15px\">Le pays a tant \u00e0 offrir : des paysages sublimes, une architecture typique, des monuments plut\u00f4t chouettes, une bonne gastronomie, des plages de r\u00eave,&#8230;<\/p>\n\n\n\n<p style=\"font-size:15px\">Et tout est si proche. Le Portugal est un petit pays, d&rsquo;une ville \u00e0 une autre les distance sont plut\u00f4t courtes&#8230; on appr\u00e9cie de ne pas passer son voyage sur les routes.<\/p>\n\n\n\n<p style=\"font-size:15px\">Nous sommes partis en <strong>octobre 2014<\/strong>. L&rsquo;automne est une saison tr\u00e8s agr\u00e9able. Nous avons eu un temps clair et des temp\u00e9ratures douces. Id\u00e9al pour visiter le pays ! Dans le sud, sur les plages de l&rsquo;Algarve, certaines personnes s&rsquo;aventuraient m\u00eame \u00e0 se baigner !<\/p>\n\n\n\n<p style=\"font-size:15px\">Nous sommes partis au total 10 jours au Portugal. Nous avons parcouru le pays du Sud au Nord. Il manquait peut-\u00eatre quelques jours suppl\u00e9mentaires pour visiter un peu plus le centre ou encore la r\u00e9gion au nord de Porto&#8230; ce sera donc pour un prochain voyage !<\/p>\n\n\n\n<figure class=\"wp-block-image size-full\"><a href=\"https:\/\/aventuresetcocotiers.fr\/index.php\/voyage-europe\/voyage-portugal\/portugal-itineraire-10-jours\/\"><img loading=\"lazy\" width=\"2000\" height=\"520\" src=\"https:\/\/aventuresetcocotiers.fr\/wp-content\/uploads\/2020\/11\/mon-itineraire-portugal.jpg\" alt=\"\" class=\"wp-image-2032\" srcset=\"https:\/\/aventuresetcocotiers.fr\/wp-content\/uploads\/2020\/11\/mon-itineraire-portugal.jpg 2000w, https:\/\/aventuresetcocotiers.fr\/wp-content\/uploads\/2020\/11\/mon-itineraire-portugal-300x78.jpg 300w, https:\/\/aventuresetcocotiers.fr\/wp-content\/uploads\/2020\/11\/mon-itineraire-portugal-1024x266.jpg 1024w, https:\/\/aventuresetcocotiers.fr\/wp-content\/uploads\/2020\/11\/mon-itineraire-portugal-768x200.jpg 768w, https:\/\/aventuresetcocotiers.fr\/wp-content\/uploads\/2020\/11\/mon-itineraire-portugal-1536x399.jpg 1536w\" sizes=\"(max-width: 2000px) 100vw, 2000px\" \/><\/a><\/figure>\n\n\n\n<figure class=\"wp-block-image size-full\"><a href=\"https:\/\/aventuresetcocotiers.fr\/index.php\/voyage-europe\/voyage-portugal\/portugal-mon-top-5\/\"><img loading=\"lazy\" width=\"2000\" height=\"517\" src=\"https:\/\/aventuresetcocotiers.fr\/wp-content\/uploads\/2020\/11\/mon-top-5-portugal.jpg\" alt=\"\" class=\"wp-image-2033\" srcset=\"https:\/\/aventuresetcocotiers.fr\/wp-content\/uploads\/2020\/11\/mon-top-5-portugal.jpg 2000w, https:\/\/aventuresetcocotiers.fr\/wp-content\/uploads\/2020\/11\/mon-top-5-portugal-300x78.jpg 300w, https:\/\/aventuresetcocotiers.fr\/wp-content\/uploads\/2020\/11\/mon-top-5-portugal-1024x265.jpg 1024w, https:\/\/aventuresetcocotiers.fr\/wp-content\/uploads\/2020\/11\/mon-top-5-portugal-768x199.jpg 768w, https:\/\/aventuresetcocotiers.fr\/wp-content\/uploads\/2020\/11\/mon-top-5-portugal-1536x397.jpg 1536w\" sizes=\"(max-width: 2000px) 100vw, 2000px\" \/><\/a><\/figure>\n\n\n\n<figure class=\"wp-block-image size-full\"><a href=\"https:\/\/aventuresetcocotiers.fr\/index.php\/voyage-europe\/voyage-portugal\/portugal-les-bonnes-adresses\/\"><img loading=\"lazy\" width=\"2000\" height=\"518\" src=\"https:\/\/aventuresetcocotiers.fr\/wp-content\/uploads\/2020\/11\/bonnes-adresses-portugal.jpg\" alt=\"\" class=\"wp-image-2030\" srcset=\"https:\/\/aventuresetcocotiers.fr\/wp-content\/uploads\/2020\/11\/bonnes-adresses-portugal.jpg 2000w, https:\/\/aventuresetcocotiers.fr\/wp-content\/uploads\/2020\/11\/bonnes-adresses-portugal-300x78.jpg 300w, https:\/\/aventuresetcocotiers.fr\/wp-content\/uploads\/2020\/11\/bonnes-adresses-portugal-1024x265.jpg 1024w, https:\/\/aventuresetcocotiers.fr\/wp-content\/uploads\/2020\/11\/bonnes-adresses-portugal-768x199.jpg 768w, https:\/\/aventuresetcocotiers.fr\/wp-content\/uploads\/2020\/11\/bonnes-adresses-portugal-1536x398.jpg 1536w\" sizes=\"(max-width: 2000px) 100vw, 2000px\" \/><\/a><\/figure>\n\n\n\n<figure class=\"wp-block-image size-full\"><a href=\"https:\/\/aventuresetcocotiers.fr\/index.php\/voyage-europe\/voyage-portugal\/portugal-budget\/\"><img loading=\"lazy\" width=\"2000\" height=\"515\" src=\"https:\/\/aventuresetcocotiers.fr\/wp-content\/uploads\/2020\/11\/budget-portugal.jpg\" alt=\"\" class=\"wp-image-2031\" srcset=\"https:\/\/aventuresetcocotiers.fr\/wp-content\/uploads\/2020\/11\/budget-portugal.jpg 2000w, https:\/\/aventuresetcocotiers.fr\/wp-content\/uploads\/2020\/11\/budget-portugal-300x77.jpg 300w, https:\/\/aventuresetcocotiers.fr\/wp-content\/uploads\/2020\/11\/budget-portugal-1024x264.jpg 1024w, https:\/\/aventuresetcocotiers.fr\/wp-content\/uploads\/2020\/11\/budget-portugal-768x198.jpg 768w, https:\/\/aventuresetcocotiers.fr\/wp-content\/uploads\/2020\/11\/budget-portugal-1536x396.jpg 1536w\" sizes=\"(max-width: 2000px) 100vw, 2000px\" \/><\/a><\/figure>\n","protected":false},"excerpt":{"rendered":"<p>Le Portugal est LA destination europ\u00e9enne \u00e0 la mode ! Et quand on y va, on comprend vite pourquoi. Le pays a tant \u00e0 offrir : des paysages sublimes, une architecture typique, des monuments plut\u00f4t chouettes, une bonne gastronomie, des plages de r\u00eave,&#8230; Et tout est si proche. Le Portugal est un petit pays, d&rsquo;une [&hellip;]<\/p>\n","protected":false},"author":1,"featured_media":0,"parent":1881,"menu_order":0,"comment_status":"closed","ping_status":"closed","template":"template-full.php","meta":[],"yoast_head":"<!-- This site is optimized with the Yoast SEO plugin v15.2.1 - https:\/\/yoast.com\/wordpress\/plugins\/seo\/ -->\n<title>Portugal |<\/title>\n<meta name=\"robots\" content=\"index, follow, max-snippet:-1, max-image-preview:large, max-video-preview:-1\" \/>\n<link rel=\"canonical\" href=\"https:\/\/aventuresetcocotiers.fr\/index.php\/voyage-europe\/voyage-portugal\/\" \/>\n<meta property=\"og:locale\" content=\"fr_FR\" \/>\n<meta property=\"og:type\" content=\"article\" \/>\n<meta property=\"og:title\" content=\"Portugal |\" \/>\n<meta property=\"og:description\" content=\"Le Portugal est LA destination europ\u00e9enne \u00e0 la mode ! Et quand on y va, on comprend vite pourquoi. Le pays a tant \u00e0 offrir : des paysages sublimes, une architecture typique, des monuments plut\u00f4t chouettes, une bonne gastronomie, des plages de r\u00eave,&#8230; Et tout est si proche. Le Portugal est un petit pays, d&rsquo;une [&hellip;]\" \/>\n<meta property=\"og:url\" content=\"https:\/\/aventuresetcocotiers.fr\/index.php\/voyage-europe\/voyage-portugal\/\" \/>\n<meta property=\"article:modified_time\" content=\"2020-11-11T10:27:09+00:00\" \/>\n<meta property=\"og:image\" content=\"https:\/\/aventuresetcocotiers.fr\/wp-content\/uploads\/2020\/11\/mon-itineraire-portugal.jpg\" \/>\n<meta name=\"twitter:card\" content=\"summary\" \/>\n<meta name=\"twitter:label1\" content=\"\u00c9crit par\">\n\t<meta name=\"twitter:data1\" content=\"admin2603\">\n\t<meta name=\"twitter:label2\" content=\"Dur\u00e9e de lecture est.\">\n\t<meta name=\"twitter:data2\" content=\"1 minute\">\n<script type=\"application\/ld+json\" class=\"yoast-schema-graph\">{\"@context\":\"https:\/\/schema.org\",\"@graph\":[{\"@type\":\"WebSite\",\"@id\":\"https:\/\/aventuresetcocotiers.fr\/#website\",\"url\":\"https:\/\/aventuresetcocotiers.fr\/\",\"name\":\"\",\"description\":\"\",\"potentialAction\":[{\"@type\":\"SearchAction\",\"target\":\"https:\/\/aventuresetcocotiers.fr\/?s={search_term_string}\",\"query-input\":\"required name=search_term_string\"}],\"inLanguage\":\"fr-FR\"},{\"@type\":\"ImageObject\",\"@id\":\"https:\/\/aventuresetcocotiers.fr\/index.php\/voyage-europe\/voyage-portugal\/#primaryimage\",\"inLanguage\":\"fr-FR\",\"url\":\"https:\/\/aventuresetcocotiers.fr\/wp-content\/uploads\/2020\/11\/mon-itineraire-portugal.jpg\",\"width\":2000,\"height\":520},{\"@type\":\"WebPage\",\"@id\":\"https:\/\/aventuresetcocotiers.fr\/index.php\/voyage-europe\/voyage-portugal\/#webpage\",\"url\":\"https:\/\/aventuresetcocotiers.fr\/index.php\/voyage-europe\/voyage-portugal\/\",\"name\":\"Portugal |\",\"isPartOf\":{\"@id\":\"https:\/\/aventuresetcocotiers.fr\/#website\"},\"primaryImageOfPage\":{\"@id\":\"https:\/\/aventuresetcocotiers.fr\/index.php\/voyage-europe\/voyage-portugal\/#primaryimage\"},\"datePublished\":\"2020-11-10T19:00:14+00:00\",\"dateModified\":\"2020-11-11T10:27:09+00:00\",\"breadcrumb\":{\"@id\":\"https:\/\/aventuresetcocotiers.fr\/index.php\/voyage-europe\/voyage-portugal\/#breadcrumb\"},\"inLanguage\":\"fr-FR\",\"potentialAction\":[{\"@type\":\"ReadAction\",\"target\":[\"https:\/\/aventuresetcocotiers.fr\/index.php\/voyage-europe\/voyage-portugal\/\"]}]},{\"@type\":\"BreadcrumbList\",\"@id\":\"https:\/\/aventuresetcocotiers.fr\/index.php\/voyage-europe\/voyage-portugal\/#breadcrumb\",\"itemListElement\":[{\"@type\":\"ListItem\",\"position\":1,\"item\":{\"@type\":\"WebPage\",\"@id\":\"http:\/\/aventuresetcocotiers.fr\/\",\"url\":\"http:\/\/aventuresetcocotiers.fr\/\",\"name\":\"Accueil\"}},{\"@type\":\"ListItem\",\"position\":2,\"item\":{\"@type\":\"WebPage\",\"@id\":\"https:\/\/aventuresetcocotiers.fr\/index.php\/voyage-europe\/\",\"url\":\"https:\/\/aventuresetcocotiers.fr\/index.php\/voyage-europe\/\",\"name\":\"Europe\"}},{\"@type\":\"ListItem\",\"position\":3,\"item\":{\"@type\":\"WebPage\",\"@id\":\"https:\/\/aventuresetcocotiers.fr\/index.php\/voyage-europe\/voyage-portugal\/\",\"url\":\"https:\/\/aventuresetcocotiers.fr\/index.php\/voyage-europe\/voyage-portugal\/\",\"name\":\"Portugal\"}}]}]}<\/script>\n<!-- \/ Yoast SEO plugin. -->","_links":{"self":[{"href":"https:\/\/aventuresetcocotiers.fr\/index.php\/wp-json\/wp\/v2\/pages\/2029"}],"collection":[{"href":"https:\/\/aventuresetcocotiers.fr\/index.php\/wp-json\/wp\/v2\/pages"}],"about":[{"href":"https:\/\/aventuresetcocotiers.fr\/index.php\/wp-json\/wp\/v2\/types\/page"}],"author":[{"embeddable":true,"href":"https:\/\/aventuresetcocotiers.fr\/index.php\/wp-json\/wp\/v2\/users\/1"}],"replies":[{"embeddable":true,"href":"https:\/\/aventuresetcocotiers.fr\/index.php\/wp-json\/wp\/v2\/comments?post=2029"}],"version-history":[{"count":5,"href":"https:\/\/aventuresetcocotiers.fr\/index.php\/wp-json\/wp\/v2\/pages\/2029\/revisions"}],"predecessor-version":[{"id":2048,"href":"https:\/\/aventuresetcocotiers.fr\/index.php\/wp-json\/wp\/v2\/pages\/2029\/revisions\/2048"}],"up":[{"embeddable":true,"href":"https:\/\/aventuresetcocotiers.fr\/index.php\/wp-json\/wp\/v2\/pages\/1881"}],"wp:attachment":[{"href":"https:\/\/aventuresetcocotiers.fr\/index.php\/wp-json\/wp\/v2\/media?parent=2029"}],"curies":[{"name":"wp","href":"https:\/\/api.w.org\/{rel}","templated":true}]}}