{"id":2065,"date":"2020-11-11T12:04:02","date_gmt":"2020-11-11T11:04:02","guid":{"rendered":"http:\/\/aventuresetcocotiers.fr\/?page_id=2065"},"modified":"2022-01-16T11:52:04","modified_gmt":"2022-01-16T10:52:04","slug":"moscou-saint-petersbourg-budget","status":"publish","type":"page","link":"https:\/\/aventuresetcocotiers.fr\/index.php\/voyage-europe\/russie-voyage-moscou-saint-petersbourg\/moscou-saint-petersbourg-budget\/","title":{"rendered":"Budget 8 jours \u00e0 Moscou &#038; Saint-P\u00e9tersbourg"},"content":{"rendered":"\n<div class=\"wp-block-image\"><figure class=\"alignleft size-full\"><img loading=\"lazy\" width=\"1280\" height=\"720\" src=\"http:\/\/aventuresetcocotiers.fr\/wp-content\/uploads\/2022\/01\/Bilan-budget-Moscou-St-Petersbourg-8-jours.jpg\" alt=\"\" class=\"wp-image-2889\" srcset=\"https:\/\/aventuresetcocotiers.fr\/wp-content\/uploads\/2022\/01\/Bilan-budget-Moscou-St-Petersbourg-8-jours.jpg 1280w, https:\/\/aventuresetcocotiers.fr\/wp-content\/uploads\/2022\/01\/Bilan-budget-Moscou-St-Petersbourg-8-jours-300x169.jpg 300w, https:\/\/aventuresetcocotiers.fr\/wp-content\/uploads\/2022\/01\/Bilan-budget-Moscou-St-Petersbourg-8-jours-1024x576.jpg 1024w, https:\/\/aventuresetcocotiers.fr\/wp-content\/uploads\/2022\/01\/Bilan-budget-Moscou-St-Petersbourg-8-jours-768x432.jpg 768w\" sizes=\"(max-width: 1280px) 100vw, 1280px\" \/><\/figure><\/div>\n\n\n\n<p style=\"font-size:15px\"><br>Voici un petit d\u00e9tail\u00a0de mes d\u00e9penses pour vous donner une id\u00e9e des prix \/ de budget \u00e0 pr\u00e9voir pour la Russie. Prix 2017<br>Les prix indiqu\u00e9s sont en roubles (RUB). En juillet 2017, le taux de change \u00e9tait de 1 RUB= 0,01 \u20ac soit 1 \u20ac = 66,5 RUB.<br><\/p>\n\n\n\n<h4 class=\"has-text-color\" style=\"font-size:15px;color:#8ad8c2\"><strong>VISAS (prix par personne)<\/strong><\/h4>\n\n\n\n<p style=\"font-size:15px\">Visa\u00a0: 61 \u20ac<br>Frais administratif pour les visas (total pour 2) : 42 \u20ac<br>Invitation &#8211; voucher : 15 \u20ac<\/p>\n\n\n\n<h4 class=\"has-text-color\" style=\"font-size:15px;color:#8ad8c2\"><strong>VOLS (prix par personne)<\/strong><\/h4>\n\n\n\n<p style=\"font-size:15px\">Vols Lyon &gt; Moscou \/ Saint-P\u00e9tersbourg &gt; Lyon (Aeroflot)&nbsp;: 344 \u20ac<\/p>\n\n\n\n<h4 class=\"has-text-color\" style=\"font-size:15px;color:#8ad8c2\"><strong>HOTELS (prix par chambre et par nuit)<\/strong><\/h4>\n\n\n\n<p style=\"font-size:15px\">H\u00f4tel Mini-Hotel Old Moscow : 4016 RUB<br>H\u00f4tel Aleksandr Saint-P\u00e9tersbourg : 4300 RUB<\/p>\n\n\n\n<h4 class=\"has-text-color\" style=\"font-size:15px;color:#8ad8c2\"><strong>VISITES \/ ACTIVITES (prix par personne)<\/strong><\/h4>\n\n\n\n<p style=\"font-size:15px\">Kremlin &#8211; place des cath\u00e9drales : 500 RUB<br>Kremlin &#8211; Palais des armures (avec audioguide) : 700 RUB<br>Cath\u00e9drale Saint-Basile-le-Bienheureux : 500 RUB<br>Mus\u00e9e m\u00e9morial de l&rsquo;astronautique : 250 RUB<br>Croisi\u00e8re 1h Saint-P\u00e9tersbourg : 800 RUB<br>Cath\u00e9drale Saint-Isaac avec mont\u00e9e \u00e0 la coupole : 400 RUB<br>Palais Youssoupov : 700 RUB<br>Mus\u00e9e Ermitage : 700 RUB<br>Cath\u00e9drale Saint-Sauveur-sur-le-Sang-Vers\u00e9 : 250 RUB<br>Palais Catherine Tsarkoie Selo (entr\u00e9e Parc incluse) : 1120 RUB<br>Forteresse pierre et Paul (entr\u00e9e multi mus\u00e9es) : 600 RUB<br>Cath\u00e9drale Forteresse pierre et Paul (mont\u00e9e au clocher) : 150 RUB<br>Th\u00e9\u00e2tre Bolchoi (balcon en \u00e9tage &#8211; spectacle Nureyev qui finalement aura \u00e9t\u00e9 censur\u00e9 et remplac\u00e9 par Don Quichote) : 84 \u20ac \/ personne<\/p>\n\n\n\n<h4 class=\"has-text-color\" style=\"font-size:15px;color:#8ad8c2\"><strong>TRANSPORTS (prix total)<\/strong><\/h4>\n\n\n\n<p style=\"font-size:15px\">Train de nuit de Moscou \u00e0 Saint-P\u00e9tersbourg en 2nde classe (couchette 4 personnes): 49 \u20ac\/personne<br>Ticket m\u00e9tro Moscou (unit\u00e9) : 55 RUB<br>Consigne bagage Moscou gare Leningradski (1 sac &#8211; 24 h) : 190 RUB<br>Consigne bagage Saint-P\u00e9tersbourg gare de Moscou (1 sac &#8211; 24h) : 180 RUB<br>Aeroexpress Moscou : 500 RUB \/ personne<br>Carte m\u00e9tro Saint-P\u00e9tersbourg (10 trajets) : 415 RUB<\/p>\n\n\n\n<h4 class=\"has-text-color\" style=\"font-size:15px;color:#8ad8c2\"><strong>RESTAURANT (prix par personne)<\/strong><\/h4>\n\n\n\n<p style=\"font-size:15px\">BB &amp; Burgers (1 menu burger) : 600-800 RUB<br>Cafe Pushkin (1 Pina Colada): 415 RUB<br>O2 Lounge (1 Cocktail): 1200 RUB<br>Singer (1 Milkshake): 375 RUB<br>The Idiot (business lunch : entr\u00e9e + plat) : 400 RUB<br>Severyanin (1 entr\u00e9e + 1 plat + 2 vodka + 1 boisson) : 1550 RUB<br>Bouteille d&rsquo;eau 1,5l (prix moyen) : 50 RUB<br>Fromage en tranche (en moyenne): 100 &#8211; 125 RUB<br>Charcuterie (salami, jambon,\u2026) : 100 &#8211; 180 RUB<br>Pain (pita) : 40 RUB<br><br>En moyenne pour un restaurant prix moyens pour 2 personnes il faut compter 1000-1500 Rub. Certains restaurants sont un peu plus chers &#8211; autour de 2000 Rub. Severyanin aura \u00e9t\u00e9 notre restaurant le plus classe, \u00e0 plus de 3000 Rub pour 2.<\/p>\n","protected":false},"excerpt":{"rendered":"<p>Voici un petit d\u00e9tail\u00a0de mes d\u00e9penses pour vous donner une id\u00e9e des prix \/ de budget \u00e0 pr\u00e9voir pour la Russie. Prix 2017Les prix indiqu\u00e9s sont en roubles (RUB). En juillet 2017, le taux de change \u00e9tait de 1 RUB= 0,01 \u20ac soit 1 \u20ac = 66,5 RUB. VISAS (prix par personne) Visa\u00a0: 61 \u20acFrais [&hellip;]<\/p>\n","protected":false},"author":1,"featured_media":0,"parent":2049,"menu_order":0,"comment_status":"open","ping_status":"closed","template":"","meta":[],"yoast_head":"<!-- This site is optimized with the Yoast SEO plugin v15.2.1 - https:\/\/yoast.com\/wordpress\/plugins\/seo\/ -->\n<title>Budget 8 jours \u00e0 Moscou &amp; Saint-P\u00e9tersbourg |<\/title>\n<meta name=\"robots\" content=\"index, follow, max-snippet:-1, max-image-preview:large, max-video-preview:-1\" \/>\n<link rel=\"canonical\" href=\"https:\/\/aventuresetcocotiers.fr\/index.php\/voyage-europe\/russie-voyage-moscou-saint-petersbourg\/moscou-saint-petersbourg-budget\/\" \/>\n<meta property=\"og:locale\" content=\"fr_FR\" \/>\n<meta property=\"og:type\" content=\"article\" \/>\n<meta property=\"og:title\" content=\"Budget 8 jours \u00e0 Moscou &amp; Saint-P\u00e9tersbourg |\" \/>\n<meta property=\"og:description\" content=\"Voici un petit d\u00e9tail\u00a0de mes d\u00e9penses pour vous donner une id\u00e9e des prix \/ de budget \u00e0 pr\u00e9voir pour la Russie. Prix 2017Les prix indiqu\u00e9s sont en roubles (RUB). En juillet 2017, le taux de change \u00e9tait de 1 RUB= 0,01 \u20ac soit 1 \u20ac = 66,5 RUB. VISAS (prix par personne) Visa\u00a0: 61 \u20acFrais [&hellip;]\" \/>\n<meta property=\"og:url\" content=\"https:\/\/aventuresetcocotiers.fr\/index.php\/voyage-europe\/russie-voyage-moscou-saint-petersbourg\/moscou-saint-petersbourg-budget\/\" \/>\n<meta property=\"article:modified_time\" content=\"2022-01-16T10:52:04+00:00\" \/>\n<meta property=\"og:image\" content=\"http:\/\/aventuresetcocotiers.fr\/wp-content\/uploads\/2022\/01\/Bilan-budget-Moscou-St-Petersbourg-8-jours.jpg\" \/>\n<meta name=\"twitter:card\" content=\"summary\" \/>\n<meta name=\"twitter:label1\" content=\"\u00c9crit par\">\n\t<meta name=\"twitter:data1\" content=\"admin2603\">\n\t<meta name=\"twitter:label2\" content=\"Dur\u00e9e de lecture est.\">\n\t<meta name=\"twitter:data2\" content=\"1 minute\">\n<script type=\"application\/ld+json\" class=\"yoast-schema-graph\">{\"@context\":\"https:\/\/schema.org\",\"@graph\":[{\"@type\":\"WebSite\",\"@id\":\"https:\/\/aventuresetcocotiers.fr\/#website\",\"url\":\"https:\/\/aventuresetcocotiers.fr\/\",\"name\":\"\",\"description\":\"\",\"potentialAction\":[{\"@type\":\"SearchAction\",\"target\":\"https:\/\/aventuresetcocotiers.fr\/?s={search_term_string}\",\"query-input\":\"required name=search_term_string\"}],\"inLanguage\":\"fr-FR\"},{\"@type\":\"ImageObject\",\"@id\":\"https:\/\/aventuresetcocotiers.fr\/index.php\/voyage-europe\/russie-voyage-moscou-saint-petersbourg\/moscou-saint-petersbourg-budget\/#primaryimage\",\"inLanguage\":\"fr-FR\",\"url\":\"http:\/\/aventuresetcocotiers.fr\/wp-content\/uploads\/2022\/01\/Bilan-budget-Moscou-St-Petersbourg-8-jours.jpg\"},{\"@type\":\"WebPage\",\"@id\":\"https:\/\/aventuresetcocotiers.fr\/index.php\/voyage-europe\/russie-voyage-moscou-saint-petersbourg\/moscou-saint-petersbourg-budget\/#webpage\",\"url\":\"https:\/\/aventuresetcocotiers.fr\/index.php\/voyage-europe\/russie-voyage-moscou-saint-petersbourg\/moscou-saint-petersbourg-budget\/\",\"name\":\"Budget 8 jours \\u00e0 Moscou & Saint-P\\u00e9tersbourg |\",\"isPartOf\":{\"@id\":\"https:\/\/aventuresetcocotiers.fr\/#website\"},\"primaryImageOfPage\":{\"@id\":\"https:\/\/aventuresetcocotiers.fr\/index.php\/voyage-europe\/russie-voyage-moscou-saint-petersbourg\/moscou-saint-petersbourg-budget\/#primaryimage\"},\"datePublished\":\"2020-11-11T11:04:02+00:00\",\"dateModified\":\"2022-01-16T10:52:04+00:00\",\"breadcrumb\":{\"@id\":\"https:\/\/aventuresetcocotiers.fr\/index.php\/voyage-europe\/russie-voyage-moscou-saint-petersbourg\/moscou-saint-petersbourg-budget\/#breadcrumb\"},\"inLanguage\":\"fr-FR\",\"potentialAction\":[{\"@type\":\"ReadAction\",\"target\":[\"https:\/\/aventuresetcocotiers.fr\/index.php\/voyage-europe\/russie-voyage-moscou-saint-petersbourg\/moscou-saint-petersbourg-budget\/\"]}]},{\"@type\":\"BreadcrumbList\",\"@id\":\"https:\/\/aventuresetcocotiers.fr\/index.php\/voyage-europe\/russie-voyage-moscou-saint-petersbourg\/moscou-saint-petersbourg-budget\/#breadcrumb\",\"itemListElement\":[{\"@type\":\"ListItem\",\"position\":1,\"item\":{\"@type\":\"WebPage\",\"@id\":\"http:\/\/aventuresetcocotiers.fr\/\",\"url\":\"http:\/\/aventuresetcocotiers.fr\/\",\"name\":\"Accueil\"}},{\"@type\":\"ListItem\",\"position\":2,\"item\":{\"@type\":\"WebPage\",\"@id\":\"https:\/\/aventuresetcocotiers.fr\/index.php\/voyage-europe\/\",\"url\":\"https:\/\/aventuresetcocotiers.fr\/index.php\/voyage-europe\/\",\"name\":\"Europe\"}},{\"@type\":\"ListItem\",\"position\":3,\"item\":{\"@type\":\"WebPage\",\"@id\":\"https:\/\/aventuresetcocotiers.fr\/index.php\/voyage-europe\/russie-voyage-moscou-saint-petersbourg\/\",\"url\":\"https:\/\/aventuresetcocotiers.fr\/index.php\/voyage-europe\/russie-voyage-moscou-saint-petersbourg\/\",\"name\":\"Russie &#8211; Moscou &#038; Saint-P\\u00e9tersbourg\"}},{\"@type\":\"ListItem\",\"position\":4,\"item\":{\"@type\":\"WebPage\",\"@id\":\"https:\/\/aventuresetcocotiers.fr\/index.php\/voyage-europe\/russie-voyage-moscou-saint-petersbourg\/moscou-saint-petersbourg-budget\/\",\"url\":\"https:\/\/aventuresetcocotiers.fr\/index.php\/voyage-europe\/russie-voyage-moscou-saint-petersbourg\/moscou-saint-petersbourg-budget\/\",\"name\":\"Budget 8 jours \\u00e0 Moscou &#038; Saint-P\\u00e9tersbourg\"}}]}]}<\/script>\n<!-- \/ Yoast SEO plugin. -->","_links":{"self":[{"href":"https:\/\/aventuresetcocotiers.fr\/index.php\/wp-json\/wp\/v2\/pages\/2065"}],"collection":[{"href":"https:\/\/aventuresetcocotiers.fr\/index.php\/wp-json\/wp\/v2\/pages"}],"about":[{"href":"https:\/\/aventuresetcocotiers.fr\/index.php\/wp-json\/wp\/v2\/types\/page"}],"author":[{"embeddable":true,"href":"https:\/\/aventuresetcocotiers.fr\/index.php\/wp-json\/wp\/v2\/users\/1"}],"replies":[{"embeddable":true,"href":"https:\/\/aventuresetcocotiers.fr\/index.php\/wp-json\/wp\/v2\/comments?post=2065"}],"version-history":[{"count":3,"href":"https:\/\/aventuresetcocotiers.fr\/index.php\/wp-json\/wp\/v2\/pages\/2065\/revisions"}],"predecessor-version":[{"id":2890,"href":"https:\/\/aventuresetcocotiers.fr\/index.php\/wp-json\/wp\/v2\/pages\/2065\/revisions\/2890"}],"up":[{"embeddable":true,"href":"https:\/\/aventuresetcocotiers.fr\/index.php\/wp-json\/wp\/v2\/pages\/2049"}],"wp:attachment":[{"href":"https:\/\/aventuresetcocotiers.fr\/index.php\/wp-json\/wp\/v2\/media?parent=2065"}],"curies":[{"name":"wp","href":"https:\/\/api.w.org\/{rel}","templated":true}]}}