{"id":2129,"date":"2020-11-11T18:26:33","date_gmt":"2020-11-11T17:26:33","guid":{"rendered":"http:\/\/aventuresetcocotiers.fr\/?page_id=2129"},"modified":"2020-11-11T18:59:51","modified_gmt":"2020-11-11T17:59:51","slug":"emirats-arabes-unis-sejour-dubai","status":"publish","type":"page","link":"https:\/\/aventuresetcocotiers.fr\/index.php\/voyage-moyen-orient\/emirats-arabes-unis-sejour-dubai\/","title":{"rendered":"Emirats Arabes Unis &#8211; Duba\u00ef"},"content":{"rendered":"\n<p style=\"font-size:15px\">Pour aller en Asie, j\u2019ai choisi 2 fois la compagnie Emirates pour le prix mais aussi pour profiter d\u2019une escale \u00e0 Duba\u00ef.<br><br>La premi\u00e8re fois, nous avons choisi un temps d\u2019escale assez long pour visiter la ville (1 jour et demi). La seconde fois, nous nous sommes arr\u00eat\u00e9s 12h \u00e0 Duba\u00ef. Ma premi\u00e8re visite \u00e9tait en <strong>novembre 2015 <\/strong>, et ma seconde visite en <strong>juin 2016 <\/strong>.<br><br>Quand on a une escale assez longue, il faut en profiter pour aller visiter la ville. Le m\u00e9tro \u00e9tant directement \u00e0 l\u2019a\u00e9roport, il est possible d\u2019aller visiter les sites embl\u00e9matiques de la ville en seulement 30 minutes. Attention, si comme nous vous faites une escale un vendredi, le m\u00e9tro commence \u00e0 partir de 13h. Donc si vous aller \u00e0 Duba\u00ef un vendredi, pr\u00e9voyez de prendre un taxi \u00e0 l\u2019a\u00e9roport.<br><br>Duba\u00ef est une ville tr\u00e8s moderne et plut\u00f4t grande. Il n\u2019y a pas vraiment de monuments ou de sites culturels \u00e0 visiter, tout est r\u00e9cent. Ici, les buildings sont d\u00e9mesur\u00e9s (Burj Khalifa, la Marina, \u2026) ! Et Duba\u00ef, c\u2019est surtout une ville construite au milieu du d\u00e9sert, en moins d\u2019une heure de route, vous \u00eates dans les dunes !<br><br>Si vous aussi vous prenez la compagnie Emirates, n\u2019h\u00e9sitez pas \u00e0 prendre une escale longue pour faire un tour en ville !<\/p>\n\n\n\n<figure class=\"wp-block-image size-full\"><a href=\"https:\/\/aventuresetcocotiers.fr\/index.php\/voyage-moyen-orient\/emirats-arabes-unis-sejour-dubai\/weekend-dubai-3-jours\/\"><img loading=\"lazy\" width=\"2000\" height=\"515\" src=\"https:\/\/aventuresetcocotiers.fr\/wp-content\/uploads\/2020\/11\/Mon-itineraire-Dubai.jpg\" alt=\"\" class=\"wp-image-2132\" srcset=\"https:\/\/aventuresetcocotiers.fr\/wp-content\/uploads\/2020\/11\/Mon-itineraire-Dubai.jpg 2000w, https:\/\/aventuresetcocotiers.fr\/wp-content\/uploads\/2020\/11\/Mon-itineraire-Dubai-300x77.jpg 300w, https:\/\/aventuresetcocotiers.fr\/wp-content\/uploads\/2020\/11\/Mon-itineraire-Dubai-1024x264.jpg 1024w, https:\/\/aventuresetcocotiers.fr\/wp-content\/uploads\/2020\/11\/Mon-itineraire-Dubai-768x198.jpg 768w, https:\/\/aventuresetcocotiers.fr\/wp-content\/uploads\/2020\/11\/Mon-itineraire-Dubai-1536x396.jpg 1536w\" sizes=\"(max-width: 2000px) 100vw, 2000px\" \/><\/a><\/figure>\n\n\n\n<figure class=\"wp-block-image size-full\"><a href=\"https:\/\/aventuresetcocotiers.fr\/index.php\/voyage-moyen-orient\/emirats-arabes-unis-sejour-dubai\/dubai-mon-top-5\/\"><img loading=\"lazy\" width=\"2000\" height=\"516\" src=\"https:\/\/aventuresetcocotiers.fr\/wp-content\/uploads\/2020\/11\/Mon-top-5-Dubai.jpg\" alt=\"\" class=\"wp-image-2133\" srcset=\"https:\/\/aventuresetcocotiers.fr\/wp-content\/uploads\/2020\/11\/Mon-top-5-Dubai.jpg 2000w, https:\/\/aventuresetcocotiers.fr\/wp-content\/uploads\/2020\/11\/Mon-top-5-Dubai-300x77.jpg 300w, https:\/\/aventuresetcocotiers.fr\/wp-content\/uploads\/2020\/11\/Mon-top-5-Dubai-1024x264.jpg 1024w, https:\/\/aventuresetcocotiers.fr\/wp-content\/uploads\/2020\/11\/Mon-top-5-Dubai-768x198.jpg 768w, https:\/\/aventuresetcocotiers.fr\/wp-content\/uploads\/2020\/11\/Mon-top-5-Dubai-1536x396.jpg 1536w\" sizes=\"(max-width: 2000px) 100vw, 2000px\" \/><\/a><\/figure>\n\n\n\n<figure class=\"wp-block-image size-full\"><a href=\"https:\/\/aventuresetcocotiers.fr\/index.php\/voyage-moyen-orient\/emirats-arabes-unis-sejour-dubai\/les-bonnes-adresses-dubai\/\"><img loading=\"lazy\" width=\"2000\" height=\"513\" src=\"https:\/\/aventuresetcocotiers.fr\/wp-content\/uploads\/2020\/11\/Bonnes-adresses-Dubai.jpg\" alt=\"\" class=\"wp-image-2130\" srcset=\"https:\/\/aventuresetcocotiers.fr\/wp-content\/uploads\/2020\/11\/Bonnes-adresses-Dubai.jpg 2000w, https:\/\/aventuresetcocotiers.fr\/wp-content\/uploads\/2020\/11\/Bonnes-adresses-Dubai-300x77.jpg 300w, https:\/\/aventuresetcocotiers.fr\/wp-content\/uploads\/2020\/11\/Bonnes-adresses-Dubai-1024x263.jpg 1024w, https:\/\/aventuresetcocotiers.fr\/wp-content\/uploads\/2020\/11\/Bonnes-adresses-Dubai-768x197.jpg 768w, https:\/\/aventuresetcocotiers.fr\/wp-content\/uploads\/2020\/11\/Bonnes-adresses-Dubai-1536x394.jpg 1536w\" sizes=\"(max-width: 2000px) 100vw, 2000px\" \/><\/a><\/figure>\n\n\n\n<figure class=\"wp-block-image size-full\"><a href=\"https:\/\/aventuresetcocotiers.fr\/index.php\/voyage-moyen-orient\/emirats-arabes-unis-sejour-dubai\/budget-dubai-2\/\"><img loading=\"lazy\" width=\"2000\" height=\"514\" src=\"https:\/\/aventuresetcocotiers.fr\/wp-content\/uploads\/2020\/11\/Budget-Dubai.jpg\" alt=\"\" class=\"wp-image-2131\" srcset=\"https:\/\/aventuresetcocotiers.fr\/wp-content\/uploads\/2020\/11\/Budget-Dubai.jpg 2000w, https:\/\/aventuresetcocotiers.fr\/wp-content\/uploads\/2020\/11\/Budget-Dubai-300x77.jpg 300w, https:\/\/aventuresetcocotiers.fr\/wp-content\/uploads\/2020\/11\/Budget-Dubai-1024x263.jpg 1024w, https:\/\/aventuresetcocotiers.fr\/wp-content\/uploads\/2020\/11\/Budget-Dubai-768x197.jpg 768w, https:\/\/aventuresetcocotiers.fr\/wp-content\/uploads\/2020\/11\/Budget-Dubai-1536x395.jpg 1536w\" sizes=\"(max-width: 2000px) 100vw, 2000px\" \/><\/a><\/figure>\n","protected":false},"excerpt":{"rendered":"<p>Pour aller en Asie, j\u2019ai choisi 2 fois la compagnie Emirates pour le prix mais aussi pour profiter d\u2019une escale \u00e0 Duba\u00ef. La premi\u00e8re fois, nous avons choisi un temps d\u2019escale assez long pour visiter la ville (1 jour et demi). La seconde fois, nous nous sommes arr\u00eat\u00e9s 12h \u00e0 Duba\u00ef. Ma premi\u00e8re visite \u00e9tait [&hellip;]<\/p>\n","protected":false},"author":1,"featured_media":0,"parent":121,"menu_order":0,"comment_status":"closed","ping_status":"closed","template":"template-full.php","meta":[],"yoast_head":"<!-- This site is optimized with the Yoast SEO plugin v15.2.1 - https:\/\/yoast.com\/wordpress\/plugins\/seo\/ -->\n<title>Emirats Arabes Unis - Duba\u00ef |<\/title>\n<meta name=\"robots\" content=\"index, follow, max-snippet:-1, max-image-preview:large, max-video-preview:-1\" \/>\n<link rel=\"canonical\" href=\"https:\/\/aventuresetcocotiers.fr\/index.php\/voyage-moyen-orient\/emirats-arabes-unis-sejour-dubai\/\" \/>\n<meta property=\"og:locale\" content=\"fr_FR\" \/>\n<meta property=\"og:type\" content=\"article\" \/>\n<meta property=\"og:title\" content=\"Emirats Arabes Unis - Duba\u00ef |\" \/>\n<meta property=\"og:description\" content=\"Pour aller en Asie, j\u2019ai choisi 2 fois la compagnie Emirates pour le prix mais aussi pour profiter d\u2019une escale \u00e0 Duba\u00ef. La premi\u00e8re fois, nous avons choisi un temps d\u2019escale assez long pour visiter la ville (1 jour et demi). La seconde fois, nous nous sommes arr\u00eat\u00e9s 12h \u00e0 Duba\u00ef. Ma premi\u00e8re visite \u00e9tait [&hellip;]\" \/>\n<meta property=\"og:url\" content=\"https:\/\/aventuresetcocotiers.fr\/index.php\/voyage-moyen-orient\/emirats-arabes-unis-sejour-dubai\/\" \/>\n<meta property=\"article:modified_time\" content=\"2020-11-11T17:59:51+00:00\" \/>\n<meta property=\"og:image\" content=\"https:\/\/aventuresetcocotiers.fr\/wp-content\/uploads\/2020\/11\/Mon-itineraire-Dubai.jpg\" \/>\n<meta name=\"twitter:card\" content=\"summary\" \/>\n<meta name=\"twitter:label1\" content=\"\u00c9crit par\">\n\t<meta name=\"twitter:data1\" content=\"admin2603\">\n\t<meta name=\"twitter:label2\" content=\"Dur\u00e9e de lecture est.\">\n\t<meta name=\"twitter:data2\" content=\"1 minute\">\n<script type=\"application\/ld+json\" class=\"yoast-schema-graph\">{\"@context\":\"https:\/\/schema.org\",\"@graph\":[{\"@type\":\"WebSite\",\"@id\":\"https:\/\/aventuresetcocotiers.fr\/#website\",\"url\":\"https:\/\/aventuresetcocotiers.fr\/\",\"name\":\"\",\"description\":\"\",\"potentialAction\":[{\"@type\":\"SearchAction\",\"target\":\"https:\/\/aventuresetcocotiers.fr\/?s={search_term_string}\",\"query-input\":\"required name=search_term_string\"}],\"inLanguage\":\"fr-FR\"},{\"@type\":\"ImageObject\",\"@id\":\"https:\/\/aventuresetcocotiers.fr\/index.php\/voyage-moyen-orient\/emirats-arabes-unis-sejour-dubai\/#primaryimage\",\"inLanguage\":\"fr-FR\",\"url\":\"https:\/\/aventuresetcocotiers.fr\/wp-content\/uploads\/2020\/11\/Mon-itineraire-Dubai.jpg\",\"width\":2000,\"height\":515},{\"@type\":\"WebPage\",\"@id\":\"https:\/\/aventuresetcocotiers.fr\/index.php\/voyage-moyen-orient\/emirats-arabes-unis-sejour-dubai\/#webpage\",\"url\":\"https:\/\/aventuresetcocotiers.fr\/index.php\/voyage-moyen-orient\/emirats-arabes-unis-sejour-dubai\/\",\"name\":\"Emirats Arabes Unis - Duba\\u00ef |\",\"isPartOf\":{\"@id\":\"https:\/\/aventuresetcocotiers.fr\/#website\"},\"primaryImageOfPage\":{\"@id\":\"https:\/\/aventuresetcocotiers.fr\/index.php\/voyage-moyen-orient\/emirats-arabes-unis-sejour-dubai\/#primaryimage\"},\"datePublished\":\"2020-11-11T17:26:33+00:00\",\"dateModified\":\"2020-11-11T17:59:51+00:00\",\"breadcrumb\":{\"@id\":\"https:\/\/aventuresetcocotiers.fr\/index.php\/voyage-moyen-orient\/emirats-arabes-unis-sejour-dubai\/#breadcrumb\"},\"inLanguage\":\"fr-FR\",\"potentialAction\":[{\"@type\":\"ReadAction\",\"target\":[\"https:\/\/aventuresetcocotiers.fr\/index.php\/voyage-moyen-orient\/emirats-arabes-unis-sejour-dubai\/\"]}]},{\"@type\":\"BreadcrumbList\",\"@id\":\"https:\/\/aventuresetcocotiers.fr\/index.php\/voyage-moyen-orient\/emirats-arabes-unis-sejour-dubai\/#breadcrumb\",\"itemListElement\":[{\"@type\":\"ListItem\",\"position\":1,\"item\":{\"@type\":\"WebPage\",\"@id\":\"http:\/\/aventuresetcocotiers.fr\/\",\"url\":\"http:\/\/aventuresetcocotiers.fr\/\",\"name\":\"Accueil\"}},{\"@type\":\"ListItem\",\"position\":2,\"item\":{\"@type\":\"WebPage\",\"@id\":\"https:\/\/aventuresetcocotiers.fr\/index.php\/voyage-moyen-orient\/\",\"url\":\"https:\/\/aventuresetcocotiers.fr\/index.php\/voyage-moyen-orient\/\",\"name\":\"Moyen-Orient\"}},{\"@type\":\"ListItem\",\"position\":3,\"item\":{\"@type\":\"WebPage\",\"@id\":\"https:\/\/aventuresetcocotiers.fr\/index.php\/voyage-moyen-orient\/emirats-arabes-unis-sejour-dubai\/\",\"url\":\"https:\/\/aventuresetcocotiers.fr\/index.php\/voyage-moyen-orient\/emirats-arabes-unis-sejour-dubai\/\",\"name\":\"Emirats Arabes Unis &#8211; Duba\\u00ef\"}}]}]}<\/script>\n<!-- \/ Yoast SEO plugin. -->","_links":{"self":[{"href":"https:\/\/aventuresetcocotiers.fr\/index.php\/wp-json\/wp\/v2\/pages\/2129"}],"collection":[{"href":"https:\/\/aventuresetcocotiers.fr\/index.php\/wp-json\/wp\/v2\/pages"}],"about":[{"href":"https:\/\/aventuresetcocotiers.fr\/index.php\/wp-json\/wp\/v2\/types\/page"}],"author":[{"embeddable":true,"href":"https:\/\/aventuresetcocotiers.fr\/index.php\/wp-json\/wp\/v2\/users\/1"}],"replies":[{"embeddable":true,"href":"https:\/\/aventuresetcocotiers.fr\/index.php\/wp-json\/wp\/v2\/comments?post=2129"}],"version-history":[{"count":6,"href":"https:\/\/aventuresetcocotiers.fr\/index.php\/wp-json\/wp\/v2\/pages\/2129\/revisions"}],"predecessor-version":[{"id":2151,"href":"https:\/\/aventuresetcocotiers.fr\/index.php\/wp-json\/wp\/v2\/pages\/2129\/revisions\/2151"}],"up":[{"embeddable":true,"href":"https:\/\/aventuresetcocotiers.fr\/index.php\/wp-json\/wp\/v2\/pages\/121"}],"wp:attachment":[{"href":"https:\/\/aventuresetcocotiers.fr\/index.php\/wp-json\/wp\/v2\/media?parent=2129"}],"curies":[{"name":"wp","href":"https:\/\/api.w.org\/{rel}","templated":true}]}}