{"id":2158,"date":"2020-11-11T19:33:53","date_gmt":"2020-11-11T18:33:53","guid":{"rendered":"http:\/\/aventuresetcocotiers.fr\/?page_id=2158"},"modified":"2020-11-11T19:59:54","modified_gmt":"2020-11-11T18:59:54","slug":"voyage-jordanie","status":"publish","type":"page","link":"https:\/\/aventuresetcocotiers.fr\/index.php\/voyage-moyen-orient\/voyage-jordanie\/","title":{"rendered":"Jordanie"},"content":{"rendered":"\n<p style=\"font-size:15px\">La Jordanie \u00e9tait pour moi LE voyage de mes r\u00eaves. Le fameux tr\u00e9sor de Petra, les couleurs uniques et ces paysages lunaires m&rsquo;ont toujours fait r\u00eaver. Alors un jour, j&rsquo;ai d\u00e9cid\u00e9 de me lancer et de partir en Jordanie.<\/p>\n\n\n\n<p style=\"font-size:15px\">Quand on pense \u00e0 la Jordanie, la 1\u00e8re question qui nous vient \u00e0 l&rsquo;esprit est : le pays est-il s\u00fbre ? Car oui, la Jordanie se situe entre l&rsquo;Irak, la Syrie, Isra\u00ebl et l&rsquo;Arabie Saoudite. Mais la Jordanie n&rsquo;a pas eu de probl\u00e8me de s\u00e9curit\u00e9 depuis plusieurs ann\u00e9es, pas d&rsquo;attentat, pas d&rsquo;instabilit\u00e9 politique,&#8230; le pays est plut\u00f4t calme et paisible. Si vous avez tout de m\u00eame un peu peur, faites comme moi, n&rsquo;approchez pas les fronti\u00e8res, n&rsquo;allez pas dans les d\u00e9serts du nord\/est (Syrie et Irak).<\/p>\n\n\n\n<p style=\"font-size:15px\">Ensuite vient la question logistique, est-ce possible de voyager seuls en Jordanie ? Pas de circuit groupe organis\u00e9, mais bien seuls, en utilisant les transports en commun et en organisant nous m\u00eame nos visites. Oui c&rsquo;est possible, et c&rsquo;est m\u00eame plut\u00f4t facile ! Il y a beaucoup de chauffeurs priv\u00e9s, il vous suffit d&rsquo;en trouver un avant de partir (par le biais d&rsquo;un h\u00f4tel par exemple) ou directement sur place \u00e0 votre arriv\u00e9e.<\/p>\n\n\n\n<p style=\"font-size:15px\">Nous sommes partis en Jordanie en <strong>juin 2014<\/strong>. Le mois de juin est annonc\u00e9 plut\u00f4t chaud, en g\u00e9n\u00e9ral on recommande le printemps ou l&rsquo;automne. J&rsquo;ai trouv\u00e9 la 1\u00e8re quinzaine de juin tr\u00e8s agr\u00e9able pour voyager, une chaleur tout \u00e0 fait supportable (mais bien chaud quand m\u00eame hin) et tr\u00e8s peu de touristes.<\/p>\n\n\n\n<p style=\"font-size:15px\">Nous sommes partis au total 10 jours, une tr\u00e8s bonne dur\u00e9e pour faire l&rsquo;essentiel de la Jordanie. Si vous avez un peu plus de temps, vous pouvez pousser jusqu&rsquo;aux ch\u00e2teaux du d\u00e9sert, faire une randonn\u00e9e dans la Vall\u00e9e de Dana, du canyoning dans le Wadi Mujib,&#8230;<\/p>\n\n\n\n<p style=\"font-size:15px\">Apr\u00e8s tous les voyages que j&rsquo;ai pu faire aujourd&rsquo;hui, la Jordanie est sans aucun doute ma destination coup de c\u0153ur, le n\u00b01 de mon top ! Alors si vous h\u00e9sitez encore, foncez, ce pays est tout simplement magnifique !<\/p>\n\n\n\n<figure class=\"wp-block-image size-full\"><a href=\"https:\/\/aventuresetcocotiers.fr\/index.php\/voyage-moyen-orient\/voyage-jordanie\/jordanie-itineraire-10-jours\/\"><img loading=\"lazy\" width=\"2000\" height=\"508\" src=\"https:\/\/aventuresetcocotiers.fr\/wp-content\/uploads\/2020\/11\/Mon-itineraire-jordanie.jpg\" alt=\"\" class=\"wp-image-2162\" srcset=\"https:\/\/aventuresetcocotiers.fr\/wp-content\/uploads\/2020\/11\/Mon-itineraire-jordanie.jpg 2000w, https:\/\/aventuresetcocotiers.fr\/wp-content\/uploads\/2020\/11\/Mon-itineraire-jordanie-300x76.jpg 300w, https:\/\/aventuresetcocotiers.fr\/wp-content\/uploads\/2020\/11\/Mon-itineraire-jordanie-1024x260.jpg 1024w, https:\/\/aventuresetcocotiers.fr\/wp-content\/uploads\/2020\/11\/Mon-itineraire-jordanie-768x195.jpg 768w, https:\/\/aventuresetcocotiers.fr\/wp-content\/uploads\/2020\/11\/Mon-itineraire-jordanie-1536x390.jpg 1536w\" sizes=\"(max-width: 2000px) 100vw, 2000px\" \/><\/a><\/figure>\n\n\n\n<figure class=\"wp-block-image size-full\"><a href=\"https:\/\/aventuresetcocotiers.fr\/index.php\/voyage-moyen-orient\/voyage-jordanie\/jordanie-mon-top-5\/\"><img loading=\"lazy\" width=\"2000\" height=\"513\" src=\"https:\/\/aventuresetcocotiers.fr\/wp-content\/uploads\/2020\/11\/Mon-top-5-jordanie.jpg\" alt=\"\" class=\"wp-image-2159\" srcset=\"https:\/\/aventuresetcocotiers.fr\/wp-content\/uploads\/2020\/11\/Mon-top-5-jordanie.jpg 2000w, https:\/\/aventuresetcocotiers.fr\/wp-content\/uploads\/2020\/11\/Mon-top-5-jordanie-300x77.jpg 300w, https:\/\/aventuresetcocotiers.fr\/wp-content\/uploads\/2020\/11\/Mon-top-5-jordanie-1024x263.jpg 1024w, https:\/\/aventuresetcocotiers.fr\/wp-content\/uploads\/2020\/11\/Mon-top-5-jordanie-768x197.jpg 768w, https:\/\/aventuresetcocotiers.fr\/wp-content\/uploads\/2020\/11\/Mon-top-5-jordanie-1536x394.jpg 1536w\" sizes=\"(max-width: 2000px) 100vw, 2000px\" \/><\/a><\/figure>\n\n\n\n<figure class=\"wp-block-image size-full\"><a href=\"https:\/\/aventuresetcocotiers.fr\/index.php\/voyage-moyen-orient\/voyage-jordanie\/jordanie-bonnes-adresses\/\"><img loading=\"lazy\" width=\"2000\" height=\"510\" src=\"https:\/\/aventuresetcocotiers.fr\/wp-content\/uploads\/2020\/11\/Bonnes-adresses-jordanie.jpg\" alt=\"\" class=\"wp-image-2160\" srcset=\"https:\/\/aventuresetcocotiers.fr\/wp-content\/uploads\/2020\/11\/Bonnes-adresses-jordanie.jpg 2000w, https:\/\/aventuresetcocotiers.fr\/wp-content\/uploads\/2020\/11\/Bonnes-adresses-jordanie-300x77.jpg 300w, https:\/\/aventuresetcocotiers.fr\/wp-content\/uploads\/2020\/11\/Bonnes-adresses-jordanie-1024x261.jpg 1024w, https:\/\/aventuresetcocotiers.fr\/wp-content\/uploads\/2020\/11\/Bonnes-adresses-jordanie-768x196.jpg 768w, https:\/\/aventuresetcocotiers.fr\/wp-content\/uploads\/2020\/11\/Bonnes-adresses-jordanie-1536x392.jpg 1536w\" sizes=\"(max-width: 2000px) 100vw, 2000px\" \/><\/a><\/figure>\n\n\n\n<figure class=\"wp-block-image size-full\"><a href=\"https:\/\/aventuresetcocotiers.fr\/index.php\/voyage-moyen-orient\/voyage-jordanie\/jordanie-budget\/\"><img loading=\"lazy\" width=\"2000\" height=\"504\" src=\"https:\/\/aventuresetcocotiers.fr\/wp-content\/uploads\/2020\/11\/Budget-jordanie.jpg\" alt=\"\" class=\"wp-image-2161\" srcset=\"https:\/\/aventuresetcocotiers.fr\/wp-content\/uploads\/2020\/11\/Budget-jordanie.jpg 2000w, https:\/\/aventuresetcocotiers.fr\/wp-content\/uploads\/2020\/11\/Budget-jordanie-300x76.jpg 300w, https:\/\/aventuresetcocotiers.fr\/wp-content\/uploads\/2020\/11\/Budget-jordanie-1024x258.jpg 1024w, https:\/\/aventuresetcocotiers.fr\/wp-content\/uploads\/2020\/11\/Budget-jordanie-768x194.jpg 768w, https:\/\/aventuresetcocotiers.fr\/wp-content\/uploads\/2020\/11\/Budget-jordanie-1536x387.jpg 1536w\" sizes=\"(max-width: 2000px) 100vw, 2000px\" \/><\/a><\/figure>\n","protected":false},"excerpt":{"rendered":"<p>La Jordanie \u00e9tait pour moi LE voyage de mes r\u00eaves. Le fameux tr\u00e9sor de Petra, les couleurs uniques et ces paysages lunaires m&rsquo;ont toujours fait r\u00eaver. Alors un jour, j&rsquo;ai d\u00e9cid\u00e9 de me lancer et de partir en Jordanie. Quand on pense \u00e0 la Jordanie, la 1\u00e8re question qui nous vient \u00e0 l&rsquo;esprit est : [&hellip;]<\/p>\n","protected":false},"author":1,"featured_media":0,"parent":121,"menu_order":0,"comment_status":"closed","ping_status":"closed","template":"template-full.php","meta":[],"yoast_head":"<!-- This site is optimized with the Yoast SEO plugin v15.2.1 - https:\/\/yoast.com\/wordpress\/plugins\/seo\/ -->\n<title>Jordanie |<\/title>\n<meta name=\"robots\" content=\"index, follow, max-snippet:-1, max-image-preview:large, max-video-preview:-1\" \/>\n<link rel=\"canonical\" href=\"https:\/\/aventuresetcocotiers.fr\/index.php\/voyage-moyen-orient\/voyage-jordanie\/\" \/>\n<meta property=\"og:locale\" content=\"fr_FR\" \/>\n<meta property=\"og:type\" content=\"article\" \/>\n<meta property=\"og:title\" content=\"Jordanie |\" \/>\n<meta property=\"og:description\" content=\"La Jordanie \u00e9tait pour moi LE voyage de mes r\u00eaves. Le fameux tr\u00e9sor de Petra, les couleurs uniques et ces paysages lunaires m&rsquo;ont toujours fait r\u00eaver. Alors un jour, j&rsquo;ai d\u00e9cid\u00e9 de me lancer et de partir en Jordanie. Quand on pense \u00e0 la Jordanie, la 1\u00e8re question qui nous vient \u00e0 l&rsquo;esprit est : [&hellip;]\" \/>\n<meta property=\"og:url\" content=\"https:\/\/aventuresetcocotiers.fr\/index.php\/voyage-moyen-orient\/voyage-jordanie\/\" \/>\n<meta property=\"article:modified_time\" content=\"2020-11-11T18:59:54+00:00\" \/>\n<meta property=\"og:image\" content=\"https:\/\/aventuresetcocotiers.fr\/wp-content\/uploads\/2020\/11\/Mon-itineraire-jordanie.jpg\" \/>\n<meta name=\"twitter:card\" content=\"summary\" \/>\n<meta name=\"twitter:label1\" content=\"\u00c9crit par\">\n\t<meta name=\"twitter:data1\" content=\"admin2603\">\n\t<meta name=\"twitter:label2\" content=\"Dur\u00e9e de lecture est.\">\n\t<meta name=\"twitter:data2\" content=\"1 minute\">\n<script type=\"application\/ld+json\" class=\"yoast-schema-graph\">{\"@context\":\"https:\/\/schema.org\",\"@graph\":[{\"@type\":\"WebSite\",\"@id\":\"https:\/\/aventuresetcocotiers.fr\/#website\",\"url\":\"https:\/\/aventuresetcocotiers.fr\/\",\"name\":\"\",\"description\":\"\",\"potentialAction\":[{\"@type\":\"SearchAction\",\"target\":\"https:\/\/aventuresetcocotiers.fr\/?s={search_term_string}\",\"query-input\":\"required name=search_term_string\"}],\"inLanguage\":\"fr-FR\"},{\"@type\":\"ImageObject\",\"@id\":\"https:\/\/aventuresetcocotiers.fr\/index.php\/voyage-moyen-orient\/voyage-jordanie\/#primaryimage\",\"inLanguage\":\"fr-FR\",\"url\":\"https:\/\/aventuresetcocotiers.fr\/wp-content\/uploads\/2020\/11\/Mon-itineraire-jordanie.jpg\",\"width\":2000,\"height\":508},{\"@type\":\"WebPage\",\"@id\":\"https:\/\/aventuresetcocotiers.fr\/index.php\/voyage-moyen-orient\/voyage-jordanie\/#webpage\",\"url\":\"https:\/\/aventuresetcocotiers.fr\/index.php\/voyage-moyen-orient\/voyage-jordanie\/\",\"name\":\"Jordanie |\",\"isPartOf\":{\"@id\":\"https:\/\/aventuresetcocotiers.fr\/#website\"},\"primaryImageOfPage\":{\"@id\":\"https:\/\/aventuresetcocotiers.fr\/index.php\/voyage-moyen-orient\/voyage-jordanie\/#primaryimage\"},\"datePublished\":\"2020-11-11T18:33:53+00:00\",\"dateModified\":\"2020-11-11T18:59:54+00:00\",\"breadcrumb\":{\"@id\":\"https:\/\/aventuresetcocotiers.fr\/index.php\/voyage-moyen-orient\/voyage-jordanie\/#breadcrumb\"},\"inLanguage\":\"fr-FR\",\"potentialAction\":[{\"@type\":\"ReadAction\",\"target\":[\"https:\/\/aventuresetcocotiers.fr\/index.php\/voyage-moyen-orient\/voyage-jordanie\/\"]}]},{\"@type\":\"BreadcrumbList\",\"@id\":\"https:\/\/aventuresetcocotiers.fr\/index.php\/voyage-moyen-orient\/voyage-jordanie\/#breadcrumb\",\"itemListElement\":[{\"@type\":\"ListItem\",\"position\":1,\"item\":{\"@type\":\"WebPage\",\"@id\":\"http:\/\/aventuresetcocotiers.fr\/\",\"url\":\"http:\/\/aventuresetcocotiers.fr\/\",\"name\":\"Accueil\"}},{\"@type\":\"ListItem\",\"position\":2,\"item\":{\"@type\":\"WebPage\",\"@id\":\"https:\/\/aventuresetcocotiers.fr\/index.php\/voyage-moyen-orient\/\",\"url\":\"https:\/\/aventuresetcocotiers.fr\/index.php\/voyage-moyen-orient\/\",\"name\":\"Moyen-Orient\"}},{\"@type\":\"ListItem\",\"position\":3,\"item\":{\"@type\":\"WebPage\",\"@id\":\"https:\/\/aventuresetcocotiers.fr\/index.php\/voyage-moyen-orient\/voyage-jordanie\/\",\"url\":\"https:\/\/aventuresetcocotiers.fr\/index.php\/voyage-moyen-orient\/voyage-jordanie\/\",\"name\":\"Jordanie\"}}]}]}<\/script>\n<!-- \/ Yoast SEO plugin. -->","_links":{"self":[{"href":"https:\/\/aventuresetcocotiers.fr\/index.php\/wp-json\/wp\/v2\/pages\/2158"}],"collection":[{"href":"https:\/\/aventuresetcocotiers.fr\/index.php\/wp-json\/wp\/v2\/pages"}],"about":[{"href":"https:\/\/aventuresetcocotiers.fr\/index.php\/wp-json\/wp\/v2\/types\/page"}],"author":[{"embeddable":true,"href":"https:\/\/aventuresetcocotiers.fr\/index.php\/wp-json\/wp\/v2\/users\/1"}],"replies":[{"embeddable":true,"href":"https:\/\/aventuresetcocotiers.fr\/index.php\/wp-json\/wp\/v2\/comments?post=2158"}],"version-history":[{"count":5,"href":"https:\/\/aventuresetcocotiers.fr\/index.php\/wp-json\/wp\/v2\/pages\/2158\/revisions"}],"predecessor-version":[{"id":2177,"href":"https:\/\/aventuresetcocotiers.fr\/index.php\/wp-json\/wp\/v2\/pages\/2158\/revisions\/2177"}],"up":[{"embeddable":true,"href":"https:\/\/aventuresetcocotiers.fr\/index.php\/wp-json\/wp\/v2\/pages\/121"}],"wp:attachment":[{"href":"https:\/\/aventuresetcocotiers.fr\/index.php\/wp-json\/wp\/v2\/media?parent=2158"}],"curies":[{"name":"wp","href":"https:\/\/api.w.org\/{rel}","templated":true}]}}