{"id":2200,"date":"2020-11-11T21:14:55","date_gmt":"2020-11-11T20:14:55","guid":{"rendered":"http:\/\/aventuresetcocotiers.fr\/?page_id=2200"},"modified":"2022-01-16T15:30:00","modified_gmt":"2022-01-16T14:30:00","slug":"oman-budget","status":"publish","type":"page","link":"https:\/\/aventuresetcocotiers.fr\/index.php\/voyage-moyen-orient\/voyage-oman\/oman-budget\/","title":{"rendered":"Budget 10 jours \u00e0 Oman"},"content":{"rendered":"\n<div class=\"wp-block-image\"><figure class=\"alignleft size-full\"><img loading=\"lazy\" width=\"1280\" height=\"720\" src=\"http:\/\/aventuresetcocotiers.fr\/wp-content\/uploads\/2022\/01\/Bilan-budget-Oman-10-jours.jpg\" alt=\"\" class=\"wp-image-2895\" srcset=\"https:\/\/aventuresetcocotiers.fr\/wp-content\/uploads\/2022\/01\/Bilan-budget-Oman-10-jours.jpg 1280w, https:\/\/aventuresetcocotiers.fr\/wp-content\/uploads\/2022\/01\/Bilan-budget-Oman-10-jours-300x169.jpg 300w, https:\/\/aventuresetcocotiers.fr\/wp-content\/uploads\/2022\/01\/Bilan-budget-Oman-10-jours-1024x576.jpg 1024w, https:\/\/aventuresetcocotiers.fr\/wp-content\/uploads\/2022\/01\/Bilan-budget-Oman-10-jours-768x432.jpg 768w\" sizes=\"(max-width: 1280px) 100vw, 1280px\" \/><\/figure><\/div>\n\n\n\n<p style=\"font-size:15px\"><br>Voici un petit d\u00e9tail\u00a0de mes d\u00e9penses pour vous donner une id\u00e9e des prix \/ de budget \u00e0 pr\u00e9voir pour Oman. Prix 2018.<br>Les prix indiqu\u00e9s sont en Rial Omanais (OMR). En mars 2018, le taux de change \u00e9tait de 1 OMR = 2,13 \u20ac soit 1\u20ac = 0,47 OMR.<br><\/p>\n\n\n\n<h4 class=\"has-text-color\" style=\"font-size:15px;color:#8ad8c2\"><strong>VISAS <\/strong>(prix par personne)<\/h4>\n\n\n\n<p style=\"font-size:15px\">Visa\u00a0: 20 OMR<\/p>\n\n\n\n<h4 class=\"has-text-color\" style=\"font-size:15px;color:#8ad8c2\"><strong>VOLS<\/strong> (prix par personne)<\/h4>\n\n\n\n<p style=\"font-size:15px\">Vols Lyon &gt; Mascate (Turkish Airlines)&nbsp;: 419 \u20ac<\/p>\n\n\n\n<h4 class=\"has-text-color\" style=\"font-size:15px;color:#8ad8c2\"><strong>HOTELS + LOCATION DE VOITURE + EXCURSION DAYMANIYAT<\/strong> (prix total pour deux avec une agence de voyage)<\/h4>\n\n\n\n<p style=\"font-size:15px\">Forfait&nbsp;: 1735 \u20ac<\/p>\n\n\n\n<h4 class=\"has-text-color\" style=\"font-size:15px;color:#8ad8c2\">VISITES \/ ACTIVITES (prix par personne)<\/h4>\n\n\n\n<p style=\"font-size:15px\">Grande Mosqu\u00e9e du Sultan Qaboos&nbsp;: Gratuit<br>Fort de Nakhl&nbsp;: 0,5 OMR<br>Fort de Bahla: 0,5 OMR<br>Promenade 1h chameau Wahiba Sands : 25 OMR<br>Dune Bashing&nbsp;: 10 OMR<br>Wadi Shab (travers\u00e9e bateau)&nbsp;: 1 OMR<\/p>\n\n\n\n<h4 class=\"has-text-color\" style=\"font-size:15px;color:#8ad8c2\">RESTAURANT (prix par personne)<\/h4>\n\n\n\n<p style=\"font-size:15px\">Restaurant Baba Salem (shawarma + jus de fruit) : 2,5 OMR<br>Restaurant indien Begum&rsquo;s : 4,15 OMR<br>Ayadina : 3,75 OMR<br>Al Masharef For Turkish Food : 2 OMR<br>Restaurant indien Woodlands : 9 OMR<br>Restaurant Sur Star Ras Al Hadd : 2 OMR<br>Jus de fruit : 1-1,5 OMR<br>Courses pique-nique pain + hoummous + olives : 0,8 OMR<br>Pack d&rsquo;eau 24 petites bouteilles: 1,4 OMR<\/p>\n","protected":false},"excerpt":{"rendered":"<p>Voici un petit d\u00e9tail\u00a0de mes d\u00e9penses pour vous donner une id\u00e9e des prix \/ de budget \u00e0 pr\u00e9voir pour Oman. Prix 2018.Les prix indiqu\u00e9s sont en Rial Omanais (OMR). En mars 2018, le taux de change \u00e9tait de 1 OMR = 2,13 \u20ac soit 1\u20ac = 0,47 OMR. VISAS (prix par personne) Visa\u00a0: 20 OMR [&hellip;]<\/p>\n","protected":false},"author":1,"featured_media":0,"parent":2184,"menu_order":0,"comment_status":"open","ping_status":"closed","template":"","meta":[],"yoast_head":"<!-- This site is optimized with the Yoast SEO plugin v15.2.1 - https:\/\/yoast.com\/wordpress\/plugins\/seo\/ -->\n<title>Budget 10 jours \u00e0 Oman |<\/title>\n<meta name=\"robots\" content=\"index, follow, max-snippet:-1, max-image-preview:large, max-video-preview:-1\" \/>\n<link rel=\"canonical\" href=\"https:\/\/aventuresetcocotiers.fr\/index.php\/voyage-moyen-orient\/voyage-oman\/oman-budget\/\" \/>\n<meta property=\"og:locale\" content=\"fr_FR\" \/>\n<meta property=\"og:type\" content=\"article\" \/>\n<meta property=\"og:title\" content=\"Budget 10 jours \u00e0 Oman |\" \/>\n<meta property=\"og:description\" content=\"Voici un petit d\u00e9tail\u00a0de mes d\u00e9penses pour vous donner une id\u00e9e des prix \/ de budget \u00e0 pr\u00e9voir pour Oman. Prix 2018.Les prix indiqu\u00e9s sont en Rial Omanais (OMR). En mars 2018, le taux de change \u00e9tait de 1 OMR = 2,13 \u20ac soit 1\u20ac = 0,47 OMR. VISAS (prix par personne) Visa\u00a0: 20 OMR [&hellip;]\" \/>\n<meta property=\"og:url\" content=\"https:\/\/aventuresetcocotiers.fr\/index.php\/voyage-moyen-orient\/voyage-oman\/oman-budget\/\" \/>\n<meta property=\"article:modified_time\" content=\"2022-01-16T14:30:00+00:00\" \/>\n<meta property=\"og:image\" content=\"http:\/\/aventuresetcocotiers.fr\/wp-content\/uploads\/2022\/01\/Bilan-budget-Oman-10-jours.jpg\" \/>\n<meta name=\"twitter:card\" content=\"summary\" \/>\n<meta name=\"twitter:label1\" content=\"\u00c9crit par\">\n\t<meta name=\"twitter:data1\" content=\"admin2603\">\n\t<meta name=\"twitter:label2\" content=\"Dur\u00e9e de lecture est.\">\n\t<meta name=\"twitter:data2\" content=\"1 minute\">\n<script type=\"application\/ld+json\" class=\"yoast-schema-graph\">{\"@context\":\"https:\/\/schema.org\",\"@graph\":[{\"@type\":\"WebSite\",\"@id\":\"https:\/\/aventuresetcocotiers.fr\/#website\",\"url\":\"https:\/\/aventuresetcocotiers.fr\/\",\"name\":\"\",\"description\":\"\",\"potentialAction\":[{\"@type\":\"SearchAction\",\"target\":\"https:\/\/aventuresetcocotiers.fr\/?s={search_term_string}\",\"query-input\":\"required name=search_term_string\"}],\"inLanguage\":\"fr-FR\"},{\"@type\":\"ImageObject\",\"@id\":\"https:\/\/aventuresetcocotiers.fr\/index.php\/voyage-moyen-orient\/voyage-oman\/oman-budget\/#primaryimage\",\"inLanguage\":\"fr-FR\",\"url\":\"http:\/\/aventuresetcocotiers.fr\/wp-content\/uploads\/2022\/01\/Bilan-budget-Oman-10-jours.jpg\"},{\"@type\":\"WebPage\",\"@id\":\"https:\/\/aventuresetcocotiers.fr\/index.php\/voyage-moyen-orient\/voyage-oman\/oman-budget\/#webpage\",\"url\":\"https:\/\/aventuresetcocotiers.fr\/index.php\/voyage-moyen-orient\/voyage-oman\/oman-budget\/\",\"name\":\"Budget 10 jours \\u00e0 Oman |\",\"isPartOf\":{\"@id\":\"https:\/\/aventuresetcocotiers.fr\/#website\"},\"primaryImageOfPage\":{\"@id\":\"https:\/\/aventuresetcocotiers.fr\/index.php\/voyage-moyen-orient\/voyage-oman\/oman-budget\/#primaryimage\"},\"datePublished\":\"2020-11-11T20:14:55+00:00\",\"dateModified\":\"2022-01-16T14:30:00+00:00\",\"breadcrumb\":{\"@id\":\"https:\/\/aventuresetcocotiers.fr\/index.php\/voyage-moyen-orient\/voyage-oman\/oman-budget\/#breadcrumb\"},\"inLanguage\":\"fr-FR\",\"potentialAction\":[{\"@type\":\"ReadAction\",\"target\":[\"https:\/\/aventuresetcocotiers.fr\/index.php\/voyage-moyen-orient\/voyage-oman\/oman-budget\/\"]}]},{\"@type\":\"BreadcrumbList\",\"@id\":\"https:\/\/aventuresetcocotiers.fr\/index.php\/voyage-moyen-orient\/voyage-oman\/oman-budget\/#breadcrumb\",\"itemListElement\":[{\"@type\":\"ListItem\",\"position\":1,\"item\":{\"@type\":\"WebPage\",\"@id\":\"http:\/\/aventuresetcocotiers.fr\/\",\"url\":\"http:\/\/aventuresetcocotiers.fr\/\",\"name\":\"Accueil\"}},{\"@type\":\"ListItem\",\"position\":2,\"item\":{\"@type\":\"WebPage\",\"@id\":\"https:\/\/aventuresetcocotiers.fr\/index.php\/voyage-moyen-orient\/\",\"url\":\"https:\/\/aventuresetcocotiers.fr\/index.php\/voyage-moyen-orient\/\",\"name\":\"Moyen-Orient\"}},{\"@type\":\"ListItem\",\"position\":3,\"item\":{\"@type\":\"WebPage\",\"@id\":\"https:\/\/aventuresetcocotiers.fr\/index.php\/voyage-moyen-orient\/voyage-oman\/\",\"url\":\"https:\/\/aventuresetcocotiers.fr\/index.php\/voyage-moyen-orient\/voyage-oman\/\",\"name\":\"Oman\"}},{\"@type\":\"ListItem\",\"position\":4,\"item\":{\"@type\":\"WebPage\",\"@id\":\"https:\/\/aventuresetcocotiers.fr\/index.php\/voyage-moyen-orient\/voyage-oman\/oman-budget\/\",\"url\":\"https:\/\/aventuresetcocotiers.fr\/index.php\/voyage-moyen-orient\/voyage-oman\/oman-budget\/\",\"name\":\"Budget 10 jours \\u00e0 Oman\"}}]}]}<\/script>\n<!-- \/ Yoast SEO plugin. -->","_links":{"self":[{"href":"https:\/\/aventuresetcocotiers.fr\/index.php\/wp-json\/wp\/v2\/pages\/2200"}],"collection":[{"href":"https:\/\/aventuresetcocotiers.fr\/index.php\/wp-json\/wp\/v2\/pages"}],"about":[{"href":"https:\/\/aventuresetcocotiers.fr\/index.php\/wp-json\/wp\/v2\/types\/page"}],"author":[{"embeddable":true,"href":"https:\/\/aventuresetcocotiers.fr\/index.php\/wp-json\/wp\/v2\/users\/1"}],"replies":[{"embeddable":true,"href":"https:\/\/aventuresetcocotiers.fr\/index.php\/wp-json\/wp\/v2\/comments?post=2200"}],"version-history":[{"count":3,"href":"https:\/\/aventuresetcocotiers.fr\/index.php\/wp-json\/wp\/v2\/pages\/2200\/revisions"}],"predecessor-version":[{"id":2896,"href":"https:\/\/aventuresetcocotiers.fr\/index.php\/wp-json\/wp\/v2\/pages\/2200\/revisions\/2896"}],"up":[{"embeddable":true,"href":"https:\/\/aventuresetcocotiers.fr\/index.php\/wp-json\/wp\/v2\/pages\/2184"}],"wp:attachment":[{"href":"https:\/\/aventuresetcocotiers.fr\/index.php\/wp-json\/wp\/v2\/media?parent=2200"}],"curies":[{"name":"wp","href":"https:\/\/api.w.org\/{rel}","templated":true}]}}