{"id":3312,"date":"2026-02-12T18:45:25","date_gmt":"2026-02-12T17:45:25","guid":{"rendered":"http:\/\/aventuresetcocotiers.fr\/?page_id=3312"},"modified":"2026-02-22T10:30:45","modified_gmt":"2026-02-22T09:30:45","slug":"mexique-voyage-autotour-basse-californie","status":"publish","type":"page","link":"https:\/\/aventuresetcocotiers.fr\/index.php\/voyage-amerique-du-nord\/mexique-voyage-autotour-basse-californie\/","title":{"rendered":"Mexique &#8211; Basse Californie"},"content":{"rendered":"\n<p style=\"font-size:15px\">Le Mexique est un pays que je r\u00eavais de d\u00e9couvrir. 1 an auparavant j&rsquo;avais pu s\u00e9journer 1 semaine \u00e0 Isla Mujeres pour plonger et voir les requins baleines, un moment magique que je n&rsquo;oublierais jamais. J&rsquo;avais tr\u00e8s envie de retourner au Mexique mais je ne pensais pas sp\u00e9cialement \u00e0 la Basse Californie parce que cette r\u00e9gion \u00e9tait totalement inconnue pour moi. C&rsquo;est Coralie qui s&rsquo;\u00e9tait pas mal renseign\u00e9e sur cette r\u00e9gion et qui r\u00eavais d&rsquo;y aller, il ne lui a pas fallu longtemps pour me convaincre, tout fait r\u00eaver en Basse Californie.<\/p>\n\n\n\n<p style=\"font-size:15px\">On a donc commenc\u00e9 \u00e0 organiser ensemble ce voyage de r\u00eave. Le choix de la p\u00e9riode a \u00e9t\u00e9 plut\u00f4t facile : le but \u00e9tant de voir le plus de baleines possible, le mois de f\u00e9vrier s&rsquo;est naturellement impos\u00e9. Combien de temps partir ? Le plus longtemps que l&rsquo;on peut pour d\u00e9couvrir le maximum possible de cette r\u00e9gion : 19 jours au total.<\/p>\n\n\n\n<p style=\"font-size:15px\">C&rsquo;est donc en <strong>f\u00e9vrier 2025<\/strong> que l&rsquo;on s&rsquo;est envol\u00e9 pour la Baja. Vous l&rsquo;avez compris, meilleure p\u00e9riode de l&rsquo;ann\u00e9e pour voir les baleines. Quelles esp\u00e8ces de baleines peut-on voir \u00e0 cette p\u00e9riode ? Baleines \u00e0 bosse, baleines grises, baleines bleues. Si on a de la chance (et on l&rsquo;a eu) on peut commencer \u00e0 voir les raies Mobulas Mobular en groupe. Et si on a \u00e9norm\u00e9ment de chance on peut aussi voir des orques (on n&rsquo;a malheureusement pas eu cette chance). Ce mois de f\u00e9vrier 2025 a \u00e9t\u00e9 un peu sp\u00e9ciale et un peu plus frais que la normale, les requins baleines \u00e9taient donc partis, mais normalement la p\u00e9riode est plut\u00f4t bonne pour les voir. C\u00f4t\u00e9 climat, les temp\u00e9ratures sont douces, mais pas assez chaudes pour profiter de la baignade. Pour les excursions snorkeling on a bien appr\u00e9ci\u00e9 la combi de plong\u00e9e qui \u00e9tait incluse !<\/p>\n\n\n\n<p style=\"font-size:15px\">Ce voyage a \u00e9t\u00e9 un vrai r\u00eave \u00e9veill\u00e9, on a v\u00e9cu tellement de moments incroyables, tellement de rencontres \u00e9mouvantes avec tous les animaux pr\u00e9sent ici. Et depuis on parle beaucoup beaucoup de retourner au Mexique avec Co. Retourner en Baja, retourner voir les baleines, les otaries, les raies, &#8230; et d\u00e9couvrir aussi de nouvelles r\u00e9gions du Mexique car ce pays a un petit quelque chose de solaire pour moi, la culture mexicaine est chaleureuse, color\u00e9e, je m&rsquo;y sens vraiment bien.  <\/p>\n\n\n\n<figure class=\"wp-block-image size-full\"><a href=\"https:\/\/aventuresetcocotiers.fr\/index.php\/voyage-amerique-du-nord\/mexique-voyage-autotour-basse-californie\/itineraire-decouverte-19-jours-au-mexique-basse-californie\/\"><img loading=\"lazy\" width=\"2000\" height=\"516\" src=\"https:\/\/aventuresetcocotiers.fr\/wp-content\/uploads\/2026\/02\/Mon-itineraire.jpg\" alt=\"\" class=\"wp-image-3313\" srcset=\"https:\/\/aventuresetcocotiers.fr\/wp-content\/uploads\/2026\/02\/Mon-itineraire.jpg 2000w, https:\/\/aventuresetcocotiers.fr\/wp-content\/uploads\/2026\/02\/Mon-itineraire-300x77.jpg 300w, https:\/\/aventuresetcocotiers.fr\/wp-content\/uploads\/2026\/02\/Mon-itineraire-1024x264.jpg 1024w, https:\/\/aventuresetcocotiers.fr\/wp-content\/uploads\/2026\/02\/Mon-itineraire-768x198.jpg 768w, https:\/\/aventuresetcocotiers.fr\/wp-content\/uploads\/2026\/02\/Mon-itineraire-1536x396.jpg 1536w\" sizes=\"(max-width: 2000px) 100vw, 2000px\" \/><\/a><\/figure>\n\n\n\n<figure class=\"wp-block-image size-full\"><img loading=\"lazy\" width=\"2000\" height=\"516\" src=\"https:\/\/aventuresetcocotiers.fr\/wp-content\/uploads\/2026\/02\/Mon-top-5-v2.jpg\" alt=\"\" class=\"wp-image-3324\" srcset=\"https:\/\/aventuresetcocotiers.fr\/wp-content\/uploads\/2026\/02\/Mon-top-5-v2.jpg 2000w, https:\/\/aventuresetcocotiers.fr\/wp-content\/uploads\/2026\/02\/Mon-top-5-v2-300x77.jpg 300w, https:\/\/aventuresetcocotiers.fr\/wp-content\/uploads\/2026\/02\/Mon-top-5-v2-1024x264.jpg 1024w, https:\/\/aventuresetcocotiers.fr\/wp-content\/uploads\/2026\/02\/Mon-top-5-v2-768x198.jpg 768w, https:\/\/aventuresetcocotiers.fr\/wp-content\/uploads\/2026\/02\/Mon-top-5-v2-1536x396.jpg 1536w\" sizes=\"(max-width: 2000px) 100vw, 2000px\" \/><\/figure>\n\n\n\n<figure class=\"wp-block-image size-full\"><img loading=\"lazy\" width=\"2000\" height=\"504\" src=\"https:\/\/aventuresetcocotiers.fr\/wp-content\/uploads\/2026\/02\/Bonnes-adresses.jpg\" alt=\"\" class=\"wp-image-3315\" srcset=\"https:\/\/aventuresetcocotiers.fr\/wp-content\/uploads\/2026\/02\/Bonnes-adresses.jpg 2000w, https:\/\/aventuresetcocotiers.fr\/wp-content\/uploads\/2026\/02\/Bonnes-adresses-300x76.jpg 300w, https:\/\/aventuresetcocotiers.fr\/wp-content\/uploads\/2026\/02\/Bonnes-adresses-1024x258.jpg 1024w, https:\/\/aventuresetcocotiers.fr\/wp-content\/uploads\/2026\/02\/Bonnes-adresses-768x194.jpg 768w, https:\/\/aventuresetcocotiers.fr\/wp-content\/uploads\/2026\/02\/Bonnes-adresses-1536x387.jpg 1536w\" sizes=\"(max-width: 2000px) 100vw, 2000px\" \/><\/figure>\n\n\n\n<figure class=\"wp-block-image size-full\"><img loading=\"lazy\" width=\"2000\" height=\"508\" src=\"https:\/\/aventuresetcocotiers.fr\/wp-content\/uploads\/2026\/02\/Budget-2.jpg\" alt=\"\" class=\"wp-image-3316\" srcset=\"https:\/\/aventuresetcocotiers.fr\/wp-content\/uploads\/2026\/02\/Budget-2.jpg 2000w, https:\/\/aventuresetcocotiers.fr\/wp-content\/uploads\/2026\/02\/Budget-2-300x76.jpg 300w, https:\/\/aventuresetcocotiers.fr\/wp-content\/uploads\/2026\/02\/Budget-2-1024x260.jpg 1024w, https:\/\/aventuresetcocotiers.fr\/wp-content\/uploads\/2026\/02\/Budget-2-768x195.jpg 768w, https:\/\/aventuresetcocotiers.fr\/wp-content\/uploads\/2026\/02\/Budget-2-1536x390.jpg 1536w\" sizes=\"(max-width: 2000px) 100vw, 2000px\" \/><\/figure>\n","protected":false},"excerpt":{"rendered":"<p>Le Mexique est un pays que je r\u00eavais de d\u00e9couvrir. 1 an auparavant j&rsquo;avais pu s\u00e9journer 1 semaine \u00e0 Isla Mujeres pour plonger et voir les requins baleines, un moment magique que je n&rsquo;oublierais jamais. J&rsquo;avais tr\u00e8s envie de retourner au Mexique mais je ne pensais pas sp\u00e9cialement \u00e0 la Basse Californie parce que cette [&hellip;]<\/p>\n","protected":false},"author":1,"featured_media":0,"parent":585,"menu_order":0,"comment_status":"closed","ping_status":"closed","template":"template-full.php","meta":[],"yoast_head":"<!-- This site is optimized with the Yoast SEO plugin v15.2.1 - https:\/\/yoast.com\/wordpress\/plugins\/seo\/ -->\n<title>Mexique - Basse Californie |<\/title>\n<meta name=\"robots\" content=\"index, follow, max-snippet:-1, max-image-preview:large, max-video-preview:-1\" \/>\n<link rel=\"canonical\" href=\"http:\/\/aventuresetcocotiers.fr\/index.php\/voyage-amerique-du-nord\/mexique-voyage-autotour-basse-californie\/\" \/>\n<meta property=\"og:locale\" content=\"fr_FR\" \/>\n<meta property=\"og:type\" content=\"article\" \/>\n<meta property=\"og:title\" content=\"Mexique - Basse Californie |\" \/>\n<meta property=\"og:description\" content=\"Le Mexique est un pays que je r\u00eavais de d\u00e9couvrir. 1 an auparavant j&rsquo;avais pu s\u00e9journer 1 semaine \u00e0 Isla Mujeres pour plonger et voir les requins baleines, un moment magique que je n&rsquo;oublierais jamais. J&rsquo;avais tr\u00e8s envie de retourner au Mexique mais je ne pensais pas sp\u00e9cialement \u00e0 la Basse Californie parce que cette [&hellip;]\" \/>\n<meta property=\"og:url\" content=\"http:\/\/aventuresetcocotiers.fr\/index.php\/voyage-amerique-du-nord\/mexique-voyage-autotour-basse-californie\/\" \/>\n<meta property=\"article:modified_time\" content=\"2026-02-22T09:30:45+00:00\" \/>\n<meta property=\"og:image\" content=\"https:\/\/aventuresetcocotiers.fr\/wp-content\/uploads\/2026\/02\/Mon-itineraire.jpg\" \/>\n<meta name=\"twitter:card\" content=\"summary\" \/>\n<meta name=\"twitter:label1\" content=\"\u00c9crit par\">\n\t<meta name=\"twitter:data1\" content=\"admin2603\">\n\t<meta name=\"twitter:label2\" content=\"Dur\u00e9e de lecture est.\">\n\t<meta name=\"twitter:data2\" content=\"2 minutes\">\n<script type=\"application\/ld+json\" class=\"yoast-schema-graph\">{\"@context\":\"https:\/\/schema.org\",\"@graph\":[{\"@type\":\"WebSite\",\"@id\":\"https:\/\/aventuresetcocotiers.fr\/#website\",\"url\":\"https:\/\/aventuresetcocotiers.fr\/\",\"name\":\"\",\"description\":\"\",\"potentialAction\":[{\"@type\":\"SearchAction\",\"target\":\"https:\/\/aventuresetcocotiers.fr\/?s={search_term_string}\",\"query-input\":\"required name=search_term_string\"}],\"inLanguage\":\"fr-FR\"},{\"@type\":\"ImageObject\",\"@id\":\"http:\/\/aventuresetcocotiers.fr\/index.php\/voyage-amerique-du-nord\/mexique-voyage-autotour-basse-californie\/#primaryimage\",\"inLanguage\":\"fr-FR\",\"url\":\"https:\/\/aventuresetcocotiers.fr\/wp-content\/uploads\/2026\/02\/Mon-itineraire.jpg\"},{\"@type\":\"WebPage\",\"@id\":\"http:\/\/aventuresetcocotiers.fr\/index.php\/voyage-amerique-du-nord\/mexique-voyage-autotour-basse-californie\/#webpage\",\"url\":\"http:\/\/aventuresetcocotiers.fr\/index.php\/voyage-amerique-du-nord\/mexique-voyage-autotour-basse-californie\/\",\"name\":\"Mexique - Basse Californie |\",\"isPartOf\":{\"@id\":\"https:\/\/aventuresetcocotiers.fr\/#website\"},\"primaryImageOfPage\":{\"@id\":\"http:\/\/aventuresetcocotiers.fr\/index.php\/voyage-amerique-du-nord\/mexique-voyage-autotour-basse-californie\/#primaryimage\"},\"datePublished\":\"2026-02-12T17:45:25+00:00\",\"dateModified\":\"2026-02-22T09:30:45+00:00\",\"breadcrumb\":{\"@id\":\"http:\/\/aventuresetcocotiers.fr\/index.php\/voyage-amerique-du-nord\/mexique-voyage-autotour-basse-californie\/#breadcrumb\"},\"inLanguage\":\"fr-FR\",\"potentialAction\":[{\"@type\":\"ReadAction\",\"target\":[\"http:\/\/aventuresetcocotiers.fr\/index.php\/voyage-amerique-du-nord\/mexique-voyage-autotour-basse-californie\/\"]}]},{\"@type\":\"BreadcrumbList\",\"@id\":\"http:\/\/aventuresetcocotiers.fr\/index.php\/voyage-amerique-du-nord\/mexique-voyage-autotour-basse-californie\/#breadcrumb\",\"itemListElement\":[{\"@type\":\"ListItem\",\"position\":1,\"item\":{\"@type\":\"WebPage\",\"@id\":\"http:\/\/aventuresetcocotiers.fr\/\",\"url\":\"http:\/\/aventuresetcocotiers.fr\/\",\"name\":\"Accueil\"}},{\"@type\":\"ListItem\",\"position\":2,\"item\":{\"@type\":\"WebPage\",\"@id\":\"http:\/\/aventuresetcocotiers.fr\/index.php\/voyage-amerique-du-nord\/\",\"url\":\"http:\/\/aventuresetcocotiers.fr\/index.php\/voyage-amerique-du-nord\/\",\"name\":\"Am\\u00e9rique du Nord\"}},{\"@type\":\"ListItem\",\"position\":3,\"item\":{\"@type\":\"WebPage\",\"@id\":\"http:\/\/aventuresetcocotiers.fr\/index.php\/voyage-amerique-du-nord\/mexique-voyage-autotour-basse-californie\/\",\"url\":\"http:\/\/aventuresetcocotiers.fr\/index.php\/voyage-amerique-du-nord\/mexique-voyage-autotour-basse-californie\/\",\"name\":\"Mexique &#8211; Basse Californie\"}}]}]}<\/script>\n<!-- \/ Yoast SEO plugin. -->","_links":{"self":[{"href":"https:\/\/aventuresetcocotiers.fr\/index.php\/wp-json\/wp\/v2\/pages\/3312"}],"collection":[{"href":"https:\/\/aventuresetcocotiers.fr\/index.php\/wp-json\/wp\/v2\/pages"}],"about":[{"href":"https:\/\/aventuresetcocotiers.fr\/index.php\/wp-json\/wp\/v2\/types\/page"}],"author":[{"embeddable":true,"href":"https:\/\/aventuresetcocotiers.fr\/index.php\/wp-json\/wp\/v2\/users\/1"}],"replies":[{"embeddable":true,"href":"https:\/\/aventuresetcocotiers.fr\/index.php\/wp-json\/wp\/v2\/comments?post=3312"}],"version-history":[{"count":4,"href":"https:\/\/aventuresetcocotiers.fr\/index.php\/wp-json\/wp\/v2\/pages\/3312\/revisions"}],"predecessor-version":[{"id":3418,"href":"https:\/\/aventuresetcocotiers.fr\/index.php\/wp-json\/wp\/v2\/pages\/3312\/revisions\/3418"}],"up":[{"embeddable":true,"href":"https:\/\/aventuresetcocotiers.fr\/index.php\/wp-json\/wp\/v2\/pages\/585"}],"wp:attachment":[{"href":"https:\/\/aventuresetcocotiers.fr\/index.php\/wp-json\/wp\/v2\/media?parent=3312"}],"curies":[{"name":"wp","href":"https:\/\/api.w.org\/{rel}","templated":true}]}}